000
CXUS55 KLKN 011639
CLMELY


CLIMATE REPORT
NATIONAL WEATHER SERVICE ELKO NV
928 AM PDT TUE MAY 1 2018

...................................

...THE ELY AIRPORT NV CLIMATE SUMMARY FOR THE MONTH OF APRIL 2018...

CLIMATE NORMAL PERIOD 1981 TO 2010
CLIMATE RECORD PERIOD 1893 TO 2018

WEATHER         OBSERVED          NORMAL  DEPART  LAST YEAR`S
                 VALUE   DATE(S)  VALUE   FROM    VALUE  DATE(S)
                                          NORMAL
................................................................
TEMPERATURE (F)
RECORD
 HIGH              83   04/23/2012
 LOW               -5   04/02/1982
                        04/22/1963
HIGHEST            79   04/27        74       5       67  04/16
                                                          04/12
LOWEST             11   04/03        12      -1       16  04/09
AVG. MAXIMUM     62.7              57.8     4.9     57.4
AVG. MINIMUM     28.2              27.1     1.1     27.3
MEAN             45.4              42.5     2.9     42.4
DAYS MAX >= 90      0               0.0     0.0        0
DAYS MAX <= 32      0               0.1    -0.1        0
DAYS MIN <= 32     24              22.6     1.4       25
DAYS MIN <= 0       0               0.1    -0.1        0

PRECIPITATION (INCHES)
RECORD
 MAXIMUM         5.52   1900
 MINIMUM            T   1989
                        1908
TOTALS           0.33              0.95   -0.62     1.03
DAILY AVG.       0.01              0.03   -0.02     0.03
DAYS >= .01         3               7.9    -4.9        7
DAYS >= .10         1               3.2    -2.2        3
DAYS >= .50         0               0.2    -0.2        0
DAYS >= 1.00        0               0.0     0.0        0
GREATEST
 24 HR. TOTAL    0.20   04/06 TO 04/06              0.44

SNOWFALL (INCHES)
RECORDS
 TOTAL           45.0   1900
TOTALS            0.6               5.2    -4.6      1.4
SINCE 7/1        44.2              48.4    -4.2     66.8
SNOWDEPTH AVG.      0                                  0
DAYS >= TRACE       4               4.1    -0.1        8
DAYS >= 1.0         0               1.7    -1.7        0
GREATEST
 SNOW DEPTH         0   MM                             4
 24 HR TOTAL      0.4   04/29 TO 04/29               0.8

DEGREE_DAYS
HEATING TOTAL     580               676     -96      672
 SINCE 7/1       6311              6903    -592     6373
COOLING TOTAL       0                 0       0        0
 SINCE 1/1          0                 0       0        0
.................................................................

WIND (MPH)
AVERAGE WIND SPEED              10.5
HIGHEST WIND SPEED/DIRECTION    40/170    DATE  04/16
HIGHEST GUST SPEED/DIRECTION    58/180    DATE  04/16

AVERAGE RH (PERCENT)     44

WEATHER CONDITIONS. NUMBER OF DAYS WITH
THUNDERSTORM              0     MIXED PRECIP               0
HEAVY RAIN                0     RAIN                       0
LIGHT RAIN                5     FREEZING RAIN              0
LT FREEZING RAIN          0     HAIL                       0
HEAVY SNOW                0     SNOW                       0
LIGHT SNOW                4     SLEET                      0
FOG                       5     FOG W/VIS <= 1/4 MILE      0
HAZE                      1

-  INDICATES NEGATIVE NUMBERS.
R  INDICATES RECORD WAS SET OR TIED.
MM INDICATES DATA IS MISSING.
T  INDICATES TRACE AMOUNT.

&&

=====================================================================

$$

DS
