000
CXUS56 KHNX 011642
CLMHJO


CLIMATE REPORT
NATIONAL WEATHER SERVICE SAN JOAQUIN VALLEY, CA
936 AM PDT TUE MAY 1 2018

...................................

...THE HANFORD CA AIRPORT CLIMATE SUMMARY FOR THE MONTH OF APRIL 2018...

CLIMATE NORMAL PERIOD 1981 TO 2010
CLIMATE RECORD PERIOD 1998 TO 2018

WEATHER         OBSERVED          NORMAL  DEPART  LAST YEAR`S
                 VALUE   DATE(S)  VALUE   FROM    VALUE  DATE(S)
                                          NORMAL
................................................................
TEMPERATURE (F)
RECORD
 HIGH              98   04/27/2005
 LOW               32   04/15/2009
HIGHEST            94   04/24        MM      MM       87  04/30
LOWEST             37   04/17        MM      MM       36  04/09
AVG. MAXIMUM     79.0              74.9     4.1     75.5
AVG. MINIMUM     49.3              46.5     2.8     47.3
MEAN             64.2              60.7     3.5     61.4
DAYS MAX >= 90      4               1.9     2.1        0
DAYS MIN <= 32      0               0.0     0.0        0

PRECIPITATION (INCHES)
RECORD
 MAXIMUM         2.98   2006
TOTALS           0.29              0.79   -0.50     1.03
DAYS >= .01         3                MM      MM        5
DAYS >= .10         2                MM      MM        2
DAYS >= .50         0                MM      MM        1
DAYS >= 1.00        0                MM      MM        0
GREATEST
 24 HR. TOTAL    0.14   04/16 TO 04/16

SNOWFALL (INCHES)
RECORDS
 TOTAL            0.0
TOTALS            0.0                MM

DEGREE_DAYS
HEATING TOTAL      77               160     -83      107
 SINCE 7/1       2035              2615    -580     2080
COOLING TOTAL      61                32      29        7
 SINCE 1/1         69                36      33       15
.................................................................

WIND (MPH)
AVERAGE WIND SPEED              6.5
HIGHEST WIND SPEED/DIRECTION    32/300    DATE  04/16
HIGHEST GUST SPEED/DIRECTION    42/300    DATE  04/16

AVERAGE RH (PERCENT)     57

WEATHER CONDITIONS. NUMBER OF DAYS WITH
THUNDERSTORM              0     RAIN                       1
HAIL                      0     FOG                       10
FOG W/VIS <= 1/4 MILE     0     HAZE                       4

-  INDICATES NEGATIVE NUMBERS.
R  INDICATES RECORD WAS SET OR TIED.
MM INDICATES DATA IS MISSING.
T  INDICATES TRACE AMOUNT.

$$
