037
CXUS53 KTOP 051423
CLMMHK


CLIMATE REPORT
NATIONAL WEATHER SERVICE TOPEKA KS
920 AM CDT SAT MAY 5 2018

...................................

...THE MANHATTAN KS CLIMATE SUMMARY FOR THE MONTH OF APRIL 2018...

CLIMATE NORMAL PERIOD 1981 TO 2010
CLIMATE RECORD PERIOD 9999 TO 9999

WEATHER         OBSERVED          NORMAL  DEPART  LAST YEAR`S
                 VALUE   DATE(S)  VALUE   FROM    VALUE
                                          NORMAL
.............................................................
TEMPERATURE (F)
HIGHEST            89   04/12                         84
LOWEST             15R  04/04                         29
AVG. MAXIMUM     62.7              66.8    -4.1     67.9
AVG. MINIMUM     33.9              41.2    -7.3     45.4
MEAN             48.3              54.0    -5.7     56.6
DAYS MAX >= 90      0               0.1    -0.1        0
DAYS MAX <= 32      0               0.1    -0.1        0
DAYS MIN <= 32     15               6.0     9.0        4
DAYS MIN <= 0       0               0.0     0.0        0

PRECIPITATION (INCHES)
TOTALS           0.29              2.80   -2.51     4.66
DAILY AVG.       0.01                               0.16
DAYS >= .01         1                                 16
DAYS >= .10         1                                 10
DAYS >= .50         0                                  4
DAYS >= 1.00        0                                  0
GREATEST
 24 HR. TOTAL    0.29   04/25 TO 04/25              0.90

DEGREE_DAYS
HEATING TOTAL     504               345     159      282
 SINCE 7/1       4886              5181    -295     4075
COOLING TOTAL      11                15      -4       38
 SINCE 1/1         11                17      -6       44
..............................................................

WIND (MPH)
AVERAGE WIND SPEED              9.3
HIGHEST WIND SPEED/DIRECTION    35/180    DATE  04/30
HIGHEST GUST SPEED/DIRECTION    52/210    DATE  04/30

SKY COVER
POSSIBLE SUNSHINE (PERCENT)   MM
AVERAGE SKY COVER           0.40
NUMBER OF DAYS FAIR           16
NUMBER OF DAYS PC              8
NUMBER OF DAYS CLOUDY          6

AVERAGE RH (PERCENT)     58


-  INDICATES NEGATIVE NUMBERS.
R  INDICATES RECORD WAS SET OR TIED.
MM INDICATES DATA IS MISSING.
T  INDICATES TRACE AMOUNT.

$$
