000
CXUS53 KGID 011423
CLMODX


CLIMATE REPORT
NATIONAL WEATHER SERVICE HASTINGS NE
923 AM CDT TUE MAY 1 2018

...................................

...THE ORD NE CLIMATE SUMMARY FOR THE MONTH OF APRIL 2018...

CLIMATE NORMAL PERIOD 1981 TO 2010
CLIMATE RECORD PERIOD 1895 TO 2018

WEATHER         OBSERVED          NORMAL  DEPART  LAST YEAR`S
                 VALUE   DATE(S)  VALUE   FROM    VALUE
                                          NORMAL
.............................................................
TEMPERATURE (F)
HIGHEST            83   04/30        MM      MM       84
                        04/11
LOWEST              2R  04/07        MM      MM       24
AVG. MAXIMUM     54.1              61.6    -7.5     61.7
AVG. MINIMUM     27.3              35.9    -8.6     37.9
MEAN             40.7              48.8    -8.1     49.8
DAYS MAX >= 90      0               0.0     0.0        0
DAYS MAX <= 32      4
DAYS MIN <= 32     22               9.3    12.7        5
DAYS MIN <= 0       0

PRECIPITATION (INCHES)
TOTALS           1.47              2.59   -1.12     4.25
DAILY AVG.       0.05              0.09   -0.04     0.14
DAYS >= .01        13                MM      MM       10
DAYS >= .10         5                MM      MM        8
DAYS >= .50         0                MM      MM        2
DAYS >= 1.00        0                MM      MM        1
GREATEST
 24 HR. TOTAL    0.28   04/14 TO 04/14

DEGREE_DAYS
HEATING TOTAL     724
 SINCE 7/1       6701
COOLING TOTAL       5
 SINCE 1/1          5
..............................................................

WIND (MPH)
AVERAGE WIND SPEED              11.9
HIGHEST WIND SPEED/DIRECTION    45/350    DATE  04/14
HIGHEST GUST SPEED/DIRECTION    64/350    DATE  04/14

SKY COVER
POSSIBLE SUNSHINE (PERCENT)   MM
NUMBER OF DAYS FAIR           17
NUMBER OF DAYS PC              7
NUMBER OF DAYS CLOUDY          6

AVERAGE RH (PERCENT)     67

WEATHER CONDITIONS. NUMBER OF DAYS WITH
THUNDERSTORM              2     MIXED PRECIP               0
HEAVY RAIN                0     RAIN                       3
LIGHT RAIN                8     FREEZING RAIN              0
LT FREEZING RAIN          1     HAIL                       0
HEAVY SNOW                0     SNOW                       4
LIGHT SNOW                8     SLEET                      0
FOG                      10     FOG W/VIS <= 1/4 MILE      0
HAZE                      0

-  INDICATES NEGATIVE NUMBERS.
R  INDICATES RECORD WAS SET OR TIED.
MM INDICATES DATA IS MISSING.
T  INDICATES TRACE AMOUNT.

$$
