000
CXUS56 KPDT 011837
CLMPDT

CLIMATE REPORT
NATIONAL WEATHER SERVICE PENDLETON OREGON
1135 AM PDT SUN APR 01 2018

....................................

...THE PENDLETON OR CLIMATE SUMMARY FOR THE MONTH OF MARCH 2018...

CLIMATE NORMAL PERIOD 1981 TO 2010
CLIMATE RECORD PERIOD 1934 TO 2018

WEATHER         OBSERVED          NORMAL  DEPART  LAST YEAR`S
                 VALUE   DATE(S)  VALUE   FROM    VALUE  DATE(S)
                                          NORMAL

................................................................

TEMPERATURE (F)
RECORD
 HIGH              80   3/29/2004
 LOW                1   3/ 1/1993
HIGHEST            73   3/13       68         5            72   3/14
LOWEST             24   3/ 7       25        -1            31   3/ 6
AVG. MAXIMUM     56.2            55.2       1.0          54.6
AVG. MINUMUM     32.2            34.9      -2.7          37.0
MEAN             44.2            45.0      -0.8          45.8
DAYS MAX >= 90      0               0         0             0
DAYS MAX <= 32      0               0         0             0
DAYS MIN <= 32     22              10        12             6
DAYS MIN <= 0       0               0         0             6


PRECIPITATION (INCHES)
RECORD
 MAXIMUM          2.82   1983
 MINIMUM          0.24   1941
TOTALS            1.38            1.32      0.06          2.35
DAILY AVG.        0.04            0.04      0.00          0.08
DAYS >=  0.01       10              12        -2            19
DAYS >=  0.10        5               4         1             9
DAYS >=  0.50        0               0         0             1
DAYS >=  1.00        0               0         0             0
GREATEST
 24 HR. TOTAL     0.49   3/ 1



SNOWFALL (INCHES)
RECORD
 MAXIMUM           4.9   1971
 MINIMUM           0.0   2015
TOTALS             0.6             0.7      -0.1           0.3
SINCE 7/1         15.0            15.2      -0.2          44.4
DAYS >=  TRACE       2               1         1             4
DAYS >=  1.0         0               0         0             0
GREATEST
 24 HR. TOTAL      0.6   3/ 1


DEGREE DAYS
HEATING TOTAL      638             617        21           585
 SINCE 7/1        4415            4510       -95          4887
COOLING TOTAL        0               0         0             0
 SINCE 1/1           0               0         0             0

.............................................................

WIND (MPH)
AVERAGE WIND SPEED                     9.7
RESULTANT WIND SPEED/DIRECTION         7/177
HIGHEST WIND SPEED/DIRECTION          43/270      DATE          03/22
HIGHEST GUST SPEED/DIRECTION          53/270      DATE          03/22


WEATHER CONDITIONS. NUMBER OF DAYS WITH
THUNDERSTORM               0    MIXED PRECIP                        0
HEAVY RAIN                 0    RAIN                                5
LIGHT RAIN                14    FREEZING RAIN                       0
LT FREEZING RAIN           0    HAIL                                0
HEAVY SNOW                 0    SNOW                                1
LIGHT SNOW                 2    SLEET                               0
FOG                        7    FOG W/VIS <=1/4 MILE                1
HAZE                       4

-  INDICATES NEGATIVE NUMBERS.
R  INDICATES RECORD WAS SET OR TIED.
MM INDICATES DATA IS MISSING.
T  INDICATES TRACE AMOUNT.

$$
