000
CXUS54 KMOB 011504
CLMPNS
CLIMATE REPORT
NATIONAL WEATHER SERVICE MOBILE AL
904 AM CST FRI MAR 01 2024
...................................
...THE PENSACOLA CLIMATE SUMMARY FOR THE MONTH OF FEBRUARY 2024...
CLIMATE NORMAL PERIOD: 1991 TO 2020
CLIMATE RECORD PERIOD: 1879 TO 2024
WEATHER OBSERVED NORMAL DEPART LAST YEAR`S
VALUE DATE(S) VALUE FROM VALUE DATE(S)
NORMAL
................................................................
TEMPERATURE (F)
RECORD
HIGH 84 02/28/2023
LOW 7 02/13/1899
HIGHEST 82 02/28 84 02/28
LOWEST 35 02/19 35 02/18
02/20
AVG. MAXIMUM 67.3 66.4 0.9 73.3
AVG. MINIMUM 47.8 47.2 0.6 56.0
MEAN 57.5 56.8 0.7 64.6
DAYS MAX >= 90 0 0.0 0.0 0
DAYS MAX <= 32 0 0.0 0.0 0
DAYS MIN <= 32 0 2.1 -2.1 0
DAYS MIN <= 0 0 0.0 0.0 0
PRECIPITATION (INCHES)
RECORD
MAXIMUM 12.53 1919
MINIMUM 0.38 1911
TOTALS 1.37 4.77 -3.40 2.33
DAILY AVG. 0.05 0.17 -0.12 0.08
DAYS >= .01 7 8.6 -1.6 6
DAYS >= .10 6 5.8 0.2 4
DAYS >= .50 0 3.2 -3.2 2
DAYS >= 1.00 0 1.6 -1.6 0
SNOWFALL (INCHES)
RECORDS
TOTAL 3.0 1895
SNOW DEPTH 0.1 1973
TOTALS 0.0
SINCE 7/1 T
SNOWDEPTH AVG. 0
DAYS >= 1.0 0
GREATEST
SNOW DEPTH 0
24 HR TOTAL 0.0
DEGREE DAYS
HEATING TOTAL 223 248 -25 117
SINCE 7/1 1080 1142 -62 747
COOLING TOTAL 14 18 -4 113
SINCE 1/1 18 29 -11 170
................................................................
WIND (MPH)
AVERAGE WIND SPEED 8.1
HIGHEST WIND SPEED/DIRECTION 32/100 DATE 02/04
HIGHEST GUST SPEED/DIRECTION 45/100 DATE 02/04
SKY COVER
POSSIBLE SUNSHINE (PERCENT)
AVERAGE SKY COVER 0.35
NUMBER OF DAYS FAIR 16
NUMBER OF DAYS PC 9
NUMBER OF DAYS CLOUDY 4
AVERAGE RH (PERCENT) 63
WEATHER CONDITIONS. NUMBER OF DAYS WITH
THUNDERSTORM 1 MIXED PRECIP 0
HEAVY RAIN 1 RAIN 5
LIGHT RAIN 8 FREEZING RAIN 0
LT FREEZING RAIN 0 HAIL 0
HEAVY SNOW 0 SNOW 0
LIGHT SNOW 0 SLEET 0
FOG 10 FOG W/VIS <= 1/4 MILE 0
HAZE 1
- INDICATES NEGATIVE NUMBERS.
R INDICATES RECORD WAS SET OR TIED.
MM INDICATES DATA IS MISSING.
T INDICATES TRACE AMOUNT.
$$