000
CXUS56 KPDT 011540
CLMPSC
CLIMATE REPORT
NATIONAL WEATHER SERVICE PENDLETON, OR
840 AM PDT MON APR 01 2024
...................................
...THE PASCO WA CLIMATE SUMMARY FOR THE MONTH OF MARCH 2024...
CLIMATE NORMAL PERIOD 1991 TO 2020
CLIMATE RECORD PERIOD 1894 TO 2024
WEATHER OBSERVED NORMAL DEPART LAST YEAR`S
VALUE DATE(S) VALUE FROM VALUE DATE(S)
NORMAL
................................................................
TEMPERATURE (F)
RECORD
HIGH 87 03/30/1911
LOW 03/05/2019
03/04/2019
03/01/1993
HIGHEST 80 03/19 66 03/18
LOWEST 18 03/06 21 03/07
03/08
AVG. MAXIMUM 61.9 58.6 3.3 56.1
AVG. MINIMUM 32.7 33.1 -0.4 31.3
MEAN 47.3 45.8 1.5 43.7
DAYS MAX >= 90 0 0.0 0.0 0
DAYS MAX <= 32 0 0.3 -0.3 0
DAYS MIN <= 32 14 15.3 -1.3 18
DAYS MIN <= 0 0 0.1 -0.1 0
PRECIPITATION (INCHES)
RECORD
MAXIMUM 1.94 1904
MINIMUM 0.01 1964
TOTALS 0.40 0.69 -0.29 0.06
DAILY AVG. 0.01 0.02 -0.01 0.02
DAYS >= .01 5 7.6 -2.6 2
DAYS >= .10 1 2.7 -1.7 0
DAYS >= .50 0 0.0 0.0 0
DAYS >= 1.00 0 0.0 0.0 0
GREATEST
24 HR. TOTAL 0.22 03/27 TO 03/27 0.04 03/29 TO 03/29
DEGREE DAYS
HEATING TOTAL 539 594 -55 654
SINCE 7/1 4235 4457 -222
COOLING TOTAL 0 0 0 0
SINCE 1/1 0 0 0
................................................................
WIND (MPH)
AVERAGE WIND SPEED 6.4
RESULTANT WIND SPEED/DIRECTION 3/230
HIGHEST WIND SPEED/DIRECTION 31/240 DATE 03/12
31/230 03/28
HIGHEST GUST SPEED/DIRECTION 40/250 DATE 03/12
40/250 03/20
40/230 03/28
AVERAGE RH (PERCENT) 59
WEATHER CONDITIONS. NUMBER OF DAYS WITH
THUNDERSTORM 1 MIXED PRECIP 0
HEAVY RAIN 0 RAIN 0
LIGHT RAIN 12 FREEZING RAIN 0
LT FREEZING RAIN 0 HAIL 0
HEAVY SNOW 0 SNOW 0
LIGHT SNOW 0 SLEET 0
FOG 4 FOG W/VIS <= 1/4 MILE 0
HAZE 0
- INDICATES NEGATIVE NUMBERS.
R INDICATES RECORD WAS SET OR TIED.
MM INDICATES DATA IS MISSING.
T INDICATES TRACE AMOUNT.
$$