000
CXUS55 KABQ 011528
CLMROW
CLIMATE REPORT
NATIONAL WEATHER SERVICE ALBUQUERQUE NM
928 AM MDT MON APR 01 2024
...................................
...THE ROSWELL NM CLIMATE SUMMARY FOR THE MONTH OF MARCH 2024...
CLIMATE NORMAL PERIOD 1991 TO 2020
CLIMATE RECORD PERIOD 1893 TO 2024
WEATHER OBSERVED NORMAL DEPART LAST YEAR`S
VALUE DATE(S) VALUE FROM VALUE DATE(S)
NORMAL
................................................................
TEMPERATURE (F)
RECORD
HIGH 93 03/12/1989
LOW 9 03/03/2002
HIGHEST 85 03/29 MM MM 85 03/15
LOWEST 29 03/26 MM MM 26 03/19
AVG. MAXIMUM 70.5 71.0 -0.5 72.6
AVG. MINIMUM 41.5 39.4 2.1 39.5
MEAN 56.0 55.2 0.8 56.1
DAYS MAX >= 90 0 0.5 -0.5 0
DAYS MAX <= 32 0 0.0 0.0 0
DAYS MIN <= 32 4 7.0 -3.0 5
DAYS MIN <= 0 0 0.0 0.0 0
PRECIPITATION (INCHES)
TOTALS 0.12 0.54 -0.42 T
DAILY AVG. 0.00 0.02 -0.02 T
DAYS >= .01 3 3.2 -0.2 0
DAYS >= .10 0 1.3 -1.3 0
DAYS >= .50 0 0.2 -0.2 0
DAYS >= 1.00 0 0.1 -0.1 0
GREATEST
24 HR. TOTAL 0.19 02/29 TO 02/29 T
SNOWFALL (INCHES)
TOTALS 0.0 0.7 -0.7 0.0
SINCE 7/1 6.0 9.6 -3.6 MM
DAYS >= 1.0 0 0.2 -0.2 0
GREATEST
SNOW DEPTH 0 0 MM
24 HR TOTAL MM MM
DEGREE DAYS
HEATING TOTAL 279 312 -33 276
SINCE 7/1 2432 2738 -306 MM
COOLING TOTAL 7 9 -2 5
SINCE 1/1 9 10 -1 MM
................................................................
WIND (MPH)
AVERAGE WIND SPEED 10.0
HIGHEST WIND SPEED/DIRECTION 54/250 DATE 03/24
HIGHEST GUST SPEED/DIRECTION 74/240 DATE 03/24
SKY COVER
AVERAGE SKY COVER 0.20
AVERAGE RH (PERCENT) 41
WEATHER CONDITIONS. NUMBER OF DAYS WITH
THUNDERSTORM 1 MIXED PRECIP 0
HEAVY RAIN 0 RAIN 0
LIGHT RAIN 4 FREEZING RAIN 0
LT FREEZING RAIN 0 HAIL 0
HEAVY SNOW 0 SNOW 0
LIGHT SNOW 0 SLEET 0
FOG 3 FOG W/VIS <= 1/4 MILE 0
HAZE 6
- INDICATES NEGATIVE NUMBERS.
R INDICATES RECORD WAS SET OR TIED.
MM INDICATES DATA IS MISSING.
T INDICATES TRACE AMOUNT.
$$