000
CXUS53 KLBF 010711
CLMVTN
CLIMATE REPORT
NATIONAL WEATHER SERVICE NORTH PLATTE NE
211 AM CDT MON APR 01 2024
...................................
...THE VALENTINE CLIMATE SUMMARY FOR THE MONTH OF MARCH 2024...
CLIMATE NORMAL PERIOD 1991 TO 2020
CLIMATE RECORD PERIOD 1885 TO 2024
WEATHER OBSERVED NORMAL DEPART LAST YEAR`S
VALUE DATE(S) VALUE FROM VALUE DATE(S)
NORMAL
................................................................
TEMPERATURE (F)
RECORD
HIGH 87 03/26/2012
03/31/1946
03/29/1943
LOW -29 03/01/1980
HIGHEST 71 03/01 76 -5 74 03/15
LOWEST 5 03/18 -2 7 8 03/18
AVG. MAXIMUM 51.2 51.6 -0.4 40.7
AVG. MINIMUM 23.7 23.5 0.2 19.3
MEAN 37.4 37.6 -0.2 30.0
DAYS MAX >= 90 0 0.0 0.0 0
DAYS MAX <= 32 4 4.1 -0.1 8
DAYS MIN <= 32 28 25.3 2.7 31
DAYS MIN <= 0 0 1.3 -1.3 0
PRECIPITATION (INCHES)
RECORD
MAXIMUM 4.23 1977
MINIMUM 0.01 1997
TOTALS 1.02 1.01 0.01 0.70
DAILY AVG. 0.03 0.03 -0.00 0.02
DAYS >= .01 5 6.9 -1.9 8
DAYS >= .10 3 2.6 0.4 2
DAYS >= .50 1 0.6 0.4 0
DAYS >= 1.00 0 0.1 -0.1 0
GREATEST
24 HR. TOTAL 0.54 03/31 TO 03/31 0.22 03/31 TO 03/31
SNOWFALL (INCHES)
RECORDS
TOTAL 51.0 1977
TOTALS 3.9 6.0 -2.1 6.1
SINCE 7/1 24.6 28.5 -3.9 MM
SNOWDEPTH AVG. 0 1
DAYS >= 1.0 2 2.0 0.0 3
GREATEST
SNOW DEPTH 2 03/26 4 03/04
24 HR TOTAL MM
DEGREE DAYS
HEATING TOTAL 848 851 -3 1078
SINCE 7/1 5484 5856 -372 MM
COOLING TOTAL 0 0 0 0
SINCE 1/1 0 0 0 MM
................................................................
WIND (MPH)
AVERAGE WIND SPEED 10.6
HIGHEST WIND SPEED/DIRECTION 36/200 DATE 03/06
HIGHEST GUST SPEED/DIRECTION 49/270 DATE 03/03
SKY COVER
POSSIBLE SUNSHINE (PERCENT) MM
AVERAGE SKY COVER 0.37
NUMBER OF DAYS FAIR 19
NUMBER OF DAYS PC 5
NUMBER OF DAYS CLOUDY 7
AVERAGE RH (PERCENT) 61
WEATHER CONDITIONS. NUMBER OF DAYS WITH
THUNDERSTORM 0 MIXED PRECIP 0
HEAVY RAIN 0 RAIN 1
LIGHT RAIN 2 FREEZING RAIN 1
LT FREEZING RAIN 2 HAIL 0
HEAVY SNOW 0 SNOW 1
LIGHT SNOW 5 SLEET 0
FOG 9 FOG W/VIS <= 1/4 MILE 2
HAZE 9
- INDICATES NEGATIVE NUMBERS.
R INDICATES RECORD WAS SET OR TIED.
MM INDICATES DATA IS MISSING.
T INDICATES TRACE AMOUNT.
$$