000
CXUS56 KMTR 010846
CLMWVI
CLIMATE REPORT
NATIONAL WEATHER SERVICE SAN FRANCISCO BAY AREA
146 AM PDT MON APR 01 2024
...................................
...THE WATSONVILLE AIRPORT CLIMATE SUMMARY FOR THE MONTH OF MARCH 2024...
CLIMATE NORMAL PERIOD: 1991 TO 2020
CLIMATE RECORD PERIOD: 1998 TO 2024
WEATHER OBSERVED NORMAL DEPART LAST YEAR`S
VALUE DATE(S) VALUE FROM VALUE DATE(S)
NORMAL
................................................................
TEMPERATURE (F)
HIGHEST 72 03/15 MM 68 03/18
LOWEST 40 03/04 MM 31 03/27
AVG. MAXIMUM 61.6 58.1
AVG. MINIMUM 44.1 41.3
MEAN 52.8 53.5 49.7
DAYS MAX >= 90 0 0
DAYS MAX <= 32 0 0
DAYS MIN <= 32 0 2
DAYS MIN <= 0 0 0
PRECIPITATION (INCHES)
TOTALS 4.89 9.00
DAILY AVG. 0.17 0.29
DAYS >= .01 13 19
DAYS >= .10 10 12
DAYS >= .50 4 7
DAYS >= 1.00 1 3
GREATEST
24 HR. TOTAL 1.18 03/29 TO 03/30 3.16 03/09 TO 03/10
DEGREE DAYS
HEATING TOTAL 356 470
SINCE 7/1 2022 MM
COOLING TOTAL 0 0
SINCE 1/1 0 MM
................................................................
WIND (MPH)
AVERAGE WIND SPEED 4.8
RESULTANT WIND SPEED/DIRECTION 2/250
HIGHEST WIND SPEED/DIRECTION 31/210 DATE 03/01
HIGHEST GUST SPEED/DIRECTION 45/220 DATE 03/01
SKY COVER
POSSIBLE SUNSHINE (PERCENT) MM
AVERAGE SKY COVER 0.46
NUMBER OF DAYS FAIR 10
NUMBER OF DAYS PC 14
NUMBER OF DAYS CLOUDY 6
AVERAGE RH (PERCENT) 77
WEATHER CONDITIONS. NUMBER OF DAYS WITH
THUNDERSTORM 3 MIXED PRECIP 0
HEAVY RAIN 7 RAIN 10
LIGHT RAIN 14 FREEZING RAIN 0
LT FREEZING RAIN 0 HAIL 0
HEAVY SNOW 0 SNOW 0
LIGHT SNOW 0 SLEET 0
FOG 15 FOG W/VIS <= 1/4 MILE 3
HAZE 0
- INDICATES NEGATIVE NUMBERS.
R INDICATES RECORD WAS SET OR TIED.
MM INDICATES DATA IS MISSING.
T INDICATES TRACE AMOUNT.
$$