000
CXUS56 KMTR 021802
CLMWVI


CLIMATE REPORT
NATIONAL WEATHER SERVICE SAN FRANCISCO BAY AREA
1102 AM PDT WED MAY 2 2018

...................................

...THE WATSONVILLE AIRPORT CLIMATE SUMMARY FOR THE MONTH OF APRIL 2018...

CLIMATE NORMAL PERIOD 1981 TO 2010
CLIMATE RECORD PERIOD 1998 TO 2018

WEATHER         OBSERVED          NORMAL   LAST YEAR`S
                 VALUE   DATE(S)  VALUE    VALUE  DATE(S)

.........................................................
TEMPERATURE (F)
HIGHEST            82   04/09        MM        76  04/30
                                                   04/28
LOWEST             38   04/17        MM        37  04/09
AVG. MAXIMUM     64.9                        66.8
AVG. MINIMUM     45.3                        45.6
MEAN             55.1              55.5      56.2
DAYS MAX >= 90      0                           0
DAYS MAX <= 32      0                           0
DAYS MIN <= 32      0                           0
DAYS MIN <= 0       0                           0

PRECIPITATION (INCHES)
RECORD
 MAXIMUM           MM   MM
 MINIMUM           MM   MM
TOTALS           2.20                        3.00
DAILY AVG.       0.07                        0.10
DAYS >= .01         6                           9
DAYS >= .10         4                           8
DAYS >= .50         2                           2
DAYS >= 1.00        1                           0
GREATEST
 24 HR. TOTAL    1.05   04/07 TO 04/07    04/06 TO 04/07
                                                   04/30 TO 04/30
                                                   04/30 TO 04/30

DEGREE_DAYS
HEATING TOTAL     287                         255
 SINCE 7/1       2220                        2487
COOLING TOTAL       0                           0
 SINCE 1/1          0                           0
..........................................................

WIND (MPH)
AVERAGE WIND SPEED              4.7
RESULTANT WIND SPEED/DIRECTION   2/217
HIGHEST WIND SPEED/DIRECTION    23/240    DATE  04/11
HIGHEST GUST SPEED/DIRECTION    31/220    DATE  04/11

SKY COVER
POSSIBLE SUNSHINE (PERCENT)   MM
AVERAGE SKY COVER           0.30
NUMBER OF DAYS FAIR           18
NUMBER OF DAYS PC             10
NUMBER OF DAYS CLOUDY          2

AVERAGE RH (PERCENT)     77

WEATHER CONDITIONS. NUMBER OF DAYS WITH
  0
  3
  0
  0
  0
  0
  3
HAZE                      7

-  INDICATES NEGATIVE NUMBERS.
R  INDICATES RECORD WAS SET OR TIED.
MM INDICATES DATA IS MISSING.
T  INDICATES TRACE AMOUNT.

$$
