000
CXUS51 KCLE 051038
CLSTOL


CLIMATE REPORT
NATIONAL WEATHER SERVICE CLEVELAND OH
535 AM EST MON MAR 5 2018

...................................

...THE TOLEDO OH CLIMATE SUMMARY FOR THE SEASON, FROM
12/1/2017 TO 2/28/2018...

CLIMATE NORMAL PERIOD 1981 TO 2010
CLIMATE RECORD PERIOD 1873 TO 2018

WEATHER         OBSERVED          NORMAL  DEPART
                 VALUE   DATE(S)  VALUE   FROM
                                          NORMAL
................................................
TEMPERATURE (F)
RECORD
 HIGH              71   02/24/2017
                        02/26/2000
                        02/11/1999
 LOW              -20   01/21/1984
HIGHEST            70   02/20
LOWEST             -8   12/28
AVG. MAXIMUM     35.5              35.0     0.5
AVG. MINIMUM     19.6              20.7    -1.1
MEAN             27.5              27.8    -0.3
DAYS MAX >= 90      0               0.0
DAYS MAX <= 32     40              35.4
DAYS MIN <= 32     74              76.0
DAYS MIN <= 0      10               5.3

PRECIPITATION (INCHES)
RECORD
 MAXIMUM        13.35   1950
 MINIMUM         2.15   1920
TOTALS           6.11              6.80   -0.69
DAYS >= .01        40              36.0
DAYS >= .10        17              17.0
DAYS >= .50         2               3.8
DAYS >= 1.00        1               0.7

SNOWFALL (INCHES)
RECORDS
 TOTAL           73.0   2014
TOTALS           30.8              28.4
DAYS >= TRACE      40
DAYS >= 1.0        15               8.8

DEGREE_DAYS
HEATING TOTAL    3356              3344      12
COOLING TOTAL       0                 0       0
.................................................

WIND (MPH)
HIGHEST GUST SPEED/DIRECTION    47/260    DATE  02/25

SKY COVER
POSSIBLE SUNSHINE (PERCENT)   MM
NUMBER OF DAYS FAIR           20
NUMBER OF DAYS PC             34
NUMBER OF DAYS CLOUDY         36


WEATHER CONDITIONS. NUMBER OF DAYS WITH
THUNDERSTORM              0     MIXED PRECIP               0
HEAVY RAIN                2     RAIN                       6
LIGHT RAIN               19     FREEZING RAIN              1
LT FREEZING RAIN          5     HAIL                       0
HEAVY SNOW                0     SNOW                       4
LIGHT SNOW               38     SLEET                      0
FOG                      61     FOG W/VIS <= 1/4 MILE      5
HAZE                     16

-  INDICATES NEGATIVE NUMBERS.
R  INDICATES RECORD WAS SET OR TIED.
MM INDICATES DATA IS MISSING.
T  INDICATES TRACE AMOUNT.

$$
