890
CXUS51 KPBZ 011413
CLSPIT
CLIMATE REPORT
NATIONAL WEATHER SERVICE PITTSBURGH PA
1013 AM EDT TUE SEP 01 2020
...................................
...THE PITTSBURGH PA CLIMATE SUMMARY FOR THE SEASON, FROM
6/1/2020 TO 8/31/2020...
CLIMATE NORMAL PERIOD 1981 TO 2010
CLIMATE RECORD PERIOD 1871 TO 2020
WEATHER OBSERVED NORMAL DEPART LAST YEAR`S
VALUE DATE(S) VALUE FROM VALUE DATE(S)
NORMAL
................................................................
TEMPERATURE (F)
RECORD
HIGH 103 07/16/1988
08/06/1918
07/10/1881
LOW 34 06/11/1972
HIGHEST 94 07/06 91 3 90 07/02
07/20
LOWEST 40 06/01 40 0 43 06/04
AVG. MAXIMUM 84.0 81.0 3.0 81.0
AVG. MINIMUM 63.1 60.9 2.2 62.4
MEAN 73.5 71.0 2.5 71.7
DAYS MAX >= 90 17 7.0 10.0 2
DAYS MAX <= 32 0 0.0 0.0 0
DAYS MIN <= 32 0 0.0 0.0 0
DAYS MIN <= 0 0 0.0 0.0 0
PRECIPITATION (INCHES)
RECORD
MAXIMUM 17.90 1879
MINIMUM 2.20 1894
TOTALS 10.97 11.61 -0.64 15.79
DAILY AVG. 0.12 0.13 -0.01 0.17
DAYS >= .01 30 32.1 -2.1 37
DAYS >= .10 18 20.5 -2.5
DAYS >= .50 9 8.0 1.0 8
DAYS >= 1.00 1 2.8 -1.8 3
GREATEST
24 HR. TOTAL 2.85 08/28 TO 08/28
STORM TOTAL 2.85
(MM/DD(HH))
SNOWFALL (INCHES)
RECORDS
TOTAL 0.0
TOTALS 0.0 0.0 0.0 0.0
SINCE 7/1 0.0 0.0 0.0 MM
SNOWDEPTH AVG. 0 MM
DAYS >= TRACE 0 0.0 0.0 MM
DAYS >= 1.0 0 0.0 0.0 MM
GREATEST
24 HR TOTAL 0.0
STORM TOTAL 0.0
(MM/DD(HH))
DEGREE DAYS
HEATING TOTAL 15 45 -30 36
SINCE 7/1 0 8 -8 MM
COOLING TOTAL 828 631 197 678
SINCE 1/1 891 652 239 MM
................................................................
WIND (MPH)
AVERAGE WIND SPEED 6.0
HIGHEST WIND SPEED/DIRECTION 43/300 DATE 06/04
HIGHEST GUST SPEED/DIRECTION 51/290 DATE 08/27
SKY COVER
AVERAGE SKY COVER 0.57
AVERAGE RH (PERCENT) 66
WEATHER CONDITIONS. NUMBER OF DAYS WITH
THUNDERSTORM 27 MIXED PRECIP 0
HEAVY RAIN 11 RAIN 15
LIGHT RAIN 38 FREEZING RAIN 0
LT FREEZING RAIN 0 HAIL 0
HEAVY SNOW 0 SNOW 0
LIGHT SNOW 0 SLEET 0
FOG 25 FOG W/VIS <= 1/4 MILE 2
HAZE 3
- INDICATES NEGATIVE NUMBERS.
R INDICATES RECORD WAS SET OR TIED.
MM INDICATES DATA IS MISSING.
T INDICATES TRACE AMOUNT.
$$