000
CXUS51 KCAR 042036
CLSCAR
CLIMATE REPORT
NATIONAL WEATHER SERVICE CARIBOU ME
336 PM EST THU MAR 04 2021
...................................
...THE CARIBOU ME CLIMATE SUMMARY FOR THE SEASON, FROM
12/1/2020 TO 2/28/2021...
CLIMATE NORMAL PERIOD: 1981 TO 2010
CLIMATE RECORD PERIOD: 1939 TO 2021
WEATHER OBSERVED NORMAL DEPART LAST YEAR`S
VALUE DATE(S) VALUE FROM VALUE DATE(S)
NORMAL
................................................................
TEMPERATURE (F)
RECORD
HIGH 60 12/01/2020
LOW -41 02/01/1955
HIGHEST 60* 12/01 MM MM 49 12/10
LOWEST -15 02/10 MM MM -24 02/15
AVG. MAXIMUM 28.4 23.2 5.2 27.1
AVG. MINIMUM 13.0 5.1 7.9 8.6
MEAN 20.7 14.2 6.5 17.8
DAYS MAX >= 90 0 0.0 0.0 MM
DAYS MAX <= 32 64 68.7 -4.7 MM
DAYS MIN <= 32 86 87.7 -1.7 MM
DAYS MIN <= 0 16 34.6 -18.6 MM
PRECIPITATION (INCHES)
RECORD
MAXIMUM 12.62 2008
MINIMUM 2.38 1944
TOTALS 8.03 8.19 -0.16 8.49
DAILY AVG. 0.09 0.09 -0.00 0.09
DAYS >= .01 51 40.5 10.5 MM
DAYS >= .10 18 19.1 -1.1 MM
DAYS >= .50 5 5.1 -0.1 MM
DAYS >= 1.00 0 0.9 -0.9 MM
GREATEST
24 HR. TOTAL 1.23 1.17 01/11 TO 01/12
SNOWFALL (INCHES)
RECORDS
TOTAL 128.7 2008
TOTALS 77.3 70.3 7.0 82.4
SINCE 7/1 85.4 82.5 2.9 MM
SNOWDEPTH AVG. 10 MM
DAYS >= 1.0 18 17.5 0.5 MM
GREATEST
SNOW DEPTH 23 02/28 MM 02/29
24 HR TOTAL MM MM
DEGREE DAYS
HEATING TOTAL 3958 4576 -618 4267
SINCE 7/1 5535 6720 -1185 MM
COOLING TOTAL 0 0 0 0
SINCE 1/1 0 0 0 MM
................................................................
WIND (MPH)
AVERAGE WIND SPEED 7.2
HIGHEST WIND SPEED/DIRECTION 30/250 DATE 02/06
HIGHEST GUST SPEED/DIRECTION 45/010 DATE 12/06
SKY COVER
POSSIBLE SUNSHINE (PERCENT) MM
AVERAGE SKY COVER 0.67
NUMBER OF DAYS FAIR 20
NUMBER OF DAYS PC 20
NUMBER OF DAYS CLOUDY 50
AVERAGE RH (PERCENT) 72
WEATHER CONDITIONS. NUMBER OF DAYS WITH
THUNDERSTORM 0 MIXED PRECIP 0
HEAVY RAIN 1 RAIN 3
LIGHT RAIN 7 FREEZING RAIN 3
LT FREEZING RAIN 6 HAIL 0
HEAVY SNOW 6 SNOW 6
LIGHT SNOW 64 SLEET 2
FOG 45 FOG W/VIS <= 1/4 MILE 5
HAZE 12
- INDICATES NEGATIVE NUMBERS.
* INDICATES RECORD WAS SET OR TIED.
MM INDICATES DATA IS MISSING.
T INDICATES TRACE AMOUNT.
$$