000
CXUS51 KRLX 030241
CLSCKB
CLIMATE REPORT
NATIONAL WEATHER SERVICE CHARLESTON WV
1041 PM EDT WED JUN 02 2021
...................................
...THE CLARKSBURG WV CLIMATE SUMMARY FOR THE SEASON, FROM
3/1/2021 TO 5/31/2021...
CLIMATE NORMAL PERIOD: 1991 TO 2020
CLIMATE RECORD PERIOD: 1922 TO 2021
WEATHER OBSERVED NORMAL DEPART LAST YEAR`S
VALUE DATE(S) VALUE FROM VALUE
NORMAL
..............................................................
TEMPERATURE (F)
RECORD
HIGH 96 MM
LOW 14 03/06/2019
03/05/2019
03/15/2017
HIGHEST 89 05/25 92
LOWEST 19 03/05 20
03/07
03/08
AVG. MAXIMUM 65.6 66.0 -0.4 65.2
AVG. MINIMUM 40.7 42.9 -2.2 43.8
MEAN 53.1 54.4 -1.3 54.5
DAYS MAX >= 90 0 0.5 -0.5 2
DAYS MAX <= 32 0 1.6 -1.6 0
DAYS MAX >= 80 15 14
DAYS MIN <= 32 23 21.6 1.4 13
DAYS MIN <= 0 0 0.1 -0.1 0
DAYS MIN <= 10 0 0
DAYS MIN <= -5 0 0
PRECIPITATION (INCHES)
RECORD
MAXIMUM 19.53 1996
MINIMUM 6.00 1947
TOTALS 9.47 11.76 -2.29 13.96
DAILY AVG. 0.10 0.13 -0.03 0.16
DAYS >= .01 35 44.5 -9.5 54
DAYS >= .10 22 26.7 -4.7 38
DAYS >= .50 6 8.4 -2.4 9
DAYS >= 1.00 2 1.4 0.6 0
GREATEST
24 HR. TOTAL 2.03 05/28 TO 05/29 0.91
DEGREE DAYS
HEATING TOTAL 1137 1079 58 1058
SINCE 7/1 4851 4648 203 MM
COOLING TOTAL 85 104 -19 119
SINCE 1/1 85 104 -19 MM
..............................................................
WIND (MPH)
AVERAGE WIND SPEED 5.5
HIGHEST WIND SPEED/DIRECTION 33/300 DATE 03/25
HIGHEST GUST SPEED/DIRECTION 50/280 DATE 04/30
SKY COVER
POSSIBLE SUNSHINE (PERCENT) MM
AVERAGE SKY COVER 0.41
NUMBER OF DAYS FAIR 48
NUMBER OF DAYS PC 25
NUMBER OF DAYS CLOUDY 19
AVERAGE RH (PERCENT) 62
WEATHER CONDITIONS. NUMBER OF DAYS WITH
THUNDERSTORM 4 MIXED PRECIP 0
HEAVY RAIN 9 RAIN 21
LIGHT RAIN 39 FREEZING RAIN 0
LT FREEZING RAIN 0 HAIL 0
HEAVY SNOW 1 SNOW 1
LIGHT SNOW 3 SLEET 0
FOG 43 FOG W/VIS <= 1/4 MILE 5
HAZE 8
- INDICATES NEGATIVE NUMBERS.
R INDICATES RECORD WAS SET OR TIED.
MM INDICATES DATA IS MISSING.
T INDICATES TRACE AMOUNT.
$$