000
CXUS55 KPUB 021753
CLSCOS
CLIMATE REPORT
NATIONAL WEATHER SERVICE
1152 AM MDT WED SEP 02 2020
...................................
...THE COLORADO SPRINGS CO CLIMATE SUMMARY FOR THE SEASON, FROM
6/1/2020 TO 8/31/2020...
CLIMATE NORMAL PERIOD: 1981 TO 2010
CLIMATE RECORD PERIOD: 1872 TO 2020
WEATHER OBSERVED NORMAL DEPART LAST YEAR`S
VALUE DATE(S) VALUE FROM VALUE DATE(S)
NORMAL
................................................................
TEMPERATURE (F)
RECORD
HIGH 101 06/21/2016
06/26/2012
06/26/2012
LOW 27 06/01/1903
HIGHEST 96 07/10 97 07/19
08/11
08/14
07/18
LOWEST 39 06/09 41 06/24
AVG. MAXIMUM 88.1 81.8 6.3 85.2
AVG. MINIMUM 57.0 54.7 2.3 55.1
MEAN 72.6 68.3 4.3 70.2
DAYS MAX >= 90 47 13.9 33.1
DAYS MAX <= 32 0 0.0 0.0
DAYS MIN <= 32 0 0.0 0.0
DAYS MIN <= 0 0 0.0 0.0
PRECIPITATION (INCHES)
RECORD
MAXIMUM 16.85 1965
MINIMUM 2.47 1939
TOTALS 5.05 8.68 -3.63 4.08
DAILY AVG. 0.06 0.09 -0.03
DAYS >= .01 29 35.3 -6.3
DAYS >= .10 12 18.0 -6.0
DAYS >= .50 2 4.9 -2.9
DAYS >= 1.00 0 1.7 -1.7
GREATEST
24 HR. TOTAL 1.07 08/15 TO 08/16
SNOWFALL (INCHES)
RECORDS
MAXIMUM 2.0 1917
TOTALS T 0.0 0.0 T
SINCE 7/1 T 0.0 0.0 MM
SNOWDEPTH AVG. 0
DAYS >= 1.0 0 0.0 0.0
GREATEST
SNOW DEPTH 0 0
24 HR TOTAL T 06/09 TO 06/09 T
07/14 TO 07/14
08/16 TO 08/16
DEGREE DAYS
HEATING TOTAL 34 110 -76 77
SINCE 7/1 5 27 -22 0
COOLING TOTAL 760 409 351 582
SINCE 1/1 791 418 373 583
................................................................
WIND (MPH)
AVERAGE WIND SPEED 9.2
HIGHEST WIND SPEED/DIRECTION 51/250 DATE 06/06
HIGHEST GUST SPEED/DIRECTION 62/250 DATE 06/06
SKY COVER
POSSIBLE SUNSHINE (PERCENT) MM
AVERAGE SKY COVER 0.49
NUMBER OF DAYS FAIR 21
NUMBER OF DAYS PC 67
NUMBER OF DAYS CLOUDY 4
AVERAGE RH (PERCENT) 45
WEATHER CONDITIONS. NUMBER OF DAYS WITH
THUNDERSTORM 44 MIXED PRECIP 0
HEAVY RAIN 11 RAIN 23
LIGHT RAIN 54 FREEZING RAIN 0
LT FREEZING RAIN 0 HAIL 4
HEAVY SNOW 0 SNOW 0
LIGHT SNOW 0 SLEET 1
FOG 12 FOG W/VIS <= 1/4 MILE 1
HAZE 22
- INDICATES NEGATIVE NUMBERS.
R INDICATES RECORD WAS SET OR TIED.
MM INDICATES DATA IS MISSING.
T INDICATES TRACE AMOUNT.
$$