000
CXUS53 KDVN 011636
CLSDBQ
CLIMATE REPORT
NATIONAL WEATHER SERVICE QUAD CITIES IA IL
1035 AM CST FRI DEC 01 2023
...................................
...THE DUBUQUE IA CLIMATE SUMMARY FOR THE SEASON, FROM
9/1/2023 TO 11/30/2023...
CLIMATE NORMAL PERIOD 1991 TO 2020
CLIMATE RECORD PERIOD 1873 TO 2023
WEATHER OBSERVED NORMAL DEPART LAST YEAR`S
VALUE DATE(S) VALUE FROM VALUE
NORMAL
..............................................................
TEMPERATURE (F)
RECORD
HIGH 99 09/07/1939
09/06/1922
LOW -17 11/26/1977
HIGHEST 93 09/03 77 16
LOWEST 5 11/28 21 -16
AVG. MAXIMUM 61.8 59.2 2.6
AVG. MINIMUM 42.6 39.9 2.7
MEAN 52.2 49.6 2.6
DAYS MAX >= 90 2 0.4 1.6
DAYS MAX <= 32 5 4.6 0.4
DAYS MIN <= 32 25 27.4 -2.4
DAYS MIN <= 0 0 0.0 0.0
PRECIPITATION (INCHES)
TOTALS 8.37 8.96 -0.59
DAILY AVG. 0.09 0.10 -0.01
DAYS >= .01 28 25.9 2.1
DAYS >= .10 20
DAYS >= .50 3
DAYS >= 1.00 2 2.1 -0.1
GREATEST
24 HR. TOTAL 2.01 10/13 TO 10/14
SNOWFALL (INCHES)
TOTALS 2.6 3.3 -0.7
SINCE 7/1 2.6 3.3 -0.7
SNOWDEPTH AVG. T
DAYS >= TRACE 6 2.9 3.1
DAYS >= 1.0 1 1.0 0.0
GREATEST
SNOW DEPTH 2 11/27
11/28
24 HR TOTAL 2.5 11/25 TO 11/26
DEGREE DAYS
HEATING TOTAL 1253 1474 -221
SINCE 7/1 1261 1499 -238
COOLING TOTAL 106 70 36
SINCE 1/1 775 637 138
..............................................................
WIND (MPH)
AVERAGE WIND SPEED 9.4
HIGHEST WIND SPEED/DIRECTION 30/270 DATE 10/06
30/270 10/24
30/280 10/31
HIGHEST GUST SPEED/DIRECTION 46/210 DATE 10/24
SKY COVER
POSSIBLE SUNSHINE (PERCENT) MM
AVERAGE SKY COVER 0.38
NUMBER OF DAYS FAIR 49
NUMBER OF DAYS PC 23
NUMBER OF DAYS CLOUDY 19
AVERAGE RH (PERCENT) 70
WEATHER CONDITIONS. NUMBER OF DAYS WITH
THUNDERSTORM 10 HAIL 1
SLEET 0 FOG 35
FOG W/VIS <= 1/4 MILE 6 HAZE 8
- INDICATES NEGATIVE NUMBERS.
R INDICATES RECORD WAS SET OR TIED.
MM INDICATES DATA IS MISSING.
T INDICATES TRACE AMOUNT.
$$
NOTE: SUPPLEMENTAL CLIMATE DATA WAS USED FROM A NEARBY
CLIMATOLOGICALLY REPRESENTATIVE STATION.