000
CXUS53 KEAX 061726
CLSDMO
CLIMATE REPORT
NATIONAL WEATHER SERVICE
1223 PM CDT MON JUN 06 2022
...................................
...THE SEDALIA MO CLIMATE SUMMARY FOR THE SEASON, FROM
3/1/2022 TO 5/31/2022...
CLIMATE NORMAL PERIOD: 1991 TO 2020
CLIMATE RECORD PERIOD: 9999 TO 9999
WEATHER OBSERVED NORMAL DEPART LAST YEAR`S
VALUE DATE(S) VALUE FROM VALUE DATE(S)
NORMAL
................................................................
TEMPERATURE (F)
HIGHEST 92 05/09 87 5 85 04/26
05/12
05/26
LOWEST 5 03/12 15 -10 26 03/01
AVG. MAXIMUM 66.3 65.0 1.3 66.0
AVG. MINIMUM 45.6 44.3 1.3 47.1
MEAN 56.0 54.6 1.4 56.5
DAYS MAX >= 90 5 1.0 4.0 0
DAYS MAX <= 32 2 0.8 1.2 0
DAYS MIN <= 32 12 13.8 -1.8 8
DAYS MIN <= 0 0 0.1 -0.1 0
PRECIPITATION (INCHES)
TOTALS 14.71 10.95 3.76 17.96
DAILY AVG. 0.16 0.12 0.04 0.20
DAYS >= .01 34 32.5 1.5 33
DAYS >= .10 25 19.3 5.7 28
DAYS >= .50 10 7.4 2.6 12
DAYS >= 1.00 3 2.4 0.6 6
GREATEST
24 HR. TOTAL 2.58 04/29 TO 04/30
DEGREE DAYS
HEATING TOTAL 982 1069 -87 870
COOLING TOTAL 172 114 58 115
................................................................
WIND (MPH)
AVERAGE WIND SPEED 11.0
HIGHEST WIND SPEED/DIRECTION 38/290 DATE 04/29
HIGHEST GUST SPEED/DIRECTION 56/300 DATE 04/29
SKY COVER
POSSIBLE SUNSHINE (PERCENT) MM
AVERAGE SKY COVER 0.40
NUMBER OF DAYS FAIR 47
NUMBER OF DAYS PC 24
NUMBER OF DAYS CLOUDY 21
AVERAGE RH (PERCENT) 65
WEATHER CONDITIONS. NUMBER OF DAYS WITH
THUNDERSTORM 16 MIXED PRECIP 0
HEAVY RAIN 13 RAIN 20
LIGHT RAIN 43 FREEZING RAIN 0
LT FREEZING RAIN 1 HAIL 0
HEAVY SNOW 0 SNOW 1
LIGHT SNOW 6 SLEET 0
FOG 25 FOG W/VIS <= 1/4 MILE 1
HAZE 11
- INDICATES NEGATIVE NUMBERS.
R INDICATES RECORD WAS SET OR TIED.
MM INDICATES DATA IS MISSING.
T INDICATES TRACE AMOUNT.
$$