000
CXUS51 KOKX 020033
CLSEWR
CLIMATE REPORT
NATIONAL WEATHER SERVICE NEW YORK, NY
730 PM EST TUE MAR 01 2022
...................................
...THE NEWARK NJ CLIMATE SUMMARY FOR THE SEASON, FROM
12/1/2021 TO 2/28/2022...
CLIMATE NORMAL PERIOD 1991 TO 2020
CLIMATE RECORD PERIOD 1931 TO 2022
WEATHER OBSERVED NORMAL DEPART LAST YEAR`S
VALUE DATE(S) VALUE FROM VALUE
NORMAL
..............................................................
TEMPERATURE (F)
RECORD
HIGH 80 02/21/2018
LOW -14 02/09/1934
HIGHEST 70 02/23 MM MM
LOWEST 6 01/16 MM MM
AVG. MAXIMUM 44.6 42.6 2.0
AVG. MINIMUM 28.2 28.0 0.2
MEAN 36.4 35.3 1.1
DAYS MAX >= 90 0 0.0 0.0
DAYS MAX <= 32 15 14.0 1.0
DAYS MIN <= 32 57 60.1 -3.1
DAYS MIN <= 0 0 0.2 -0.2
PRECIPITATION (INCHES)
RECORD
MAXIMUM 20.41 1979
MINIMUM MM MM
TOTALS 7.99 10.54 -2.55 11.25
DAILY AVG. 0.09 0.12 -0.03
DAYS >= .01 34 31.7 2.3
DAYS >= .10 22 19.0 3.0
DAYS >= .50 6 8.1 -2.1
DAYS >= 1.00 1 2.8 -1.8
GREATEST
24 HR. TOTAL 1.84 01/16 TO 01/17
STORM TOTAL 1.30
(MM/DD(HH))
SNOWFALL (INCHES)
RECORDS
TOTAL 69.5 1961
24 HR TOTAL MM
TOTALS 17.0 24.6 -7.6
LIQUID EQUIV 1.70 2.40 -0.70
SINCE 7/1 17.1 25.4 -8.3
LIQUID 7/1 1.71
DAYS >= TRACE 19 11.0 8.0
DAYS >= 1.0 5 5.0 0.0
GREATEST
SNOW DEPTH 6 01/30
01/31
24 HR TOTAL MM
STORM TOTAL 6.6
(MM/DD(HH))
DEGREE DAYS
HEATING TOTAL 2554 2674 -120
SINCE 7/1 3163 3503 -340
COOLING TOTAL 0 0 0
SINCE 1/1 0 0 0
..............................................................
WIND (MPH)
AVERAGE WIND SPEED 10.0
HIGHEST WIND SPEED/DIRECTION 48/260 DATE 02/18
HIGHEST GUST SPEED/DIRECTION 65/270 DATE 02/18
SKY COVER
POSSIBLE SUNSHINE (PERCENT) MM
AVERAGE SKY COVER 0.65
NUMBER OF DAYS FAIR 16
NUMBER OF DAYS PC 35
NUMBER OF DAYS CLOUDY 39
AVERAGE RH (PERCENT) 61
WEATHER CONDITIONS. NUMBER OF DAYS WITH
THUNDERSTORM 0 MIXED PRECIP 0
HEAVY RAIN 3 RAIN 10
LIGHT RAIN 34 FREEZING RAIN 1
LT FREEZING RAIN 4 HAIL 1
HEAVY SNOW 0 SNOW 3
LIGHT SNOW 18 SLEET 4
FOG 33 FOG W/VIS <= 1/4 MILE 1
HAZE 8
- INDICATES NEGATIVE NUMBERS.
R INDICATES RECORD WAS SET OR TIED.
MM INDICATES DATA IS MISSING.
T INDICATES TRACE AMOUNT.
$$