000
CXUS51 KOKX 031408
CLSEWR
NYCCLSEWR 000
TTAA00 OKX 031407
CLIMATE REPORT
NATIONAL WEATHER SERVICE NEW YORK, NY
1008 AM EDT THU JUN 03 2021
...................................
...THE NEWARK NJ CLIMATE SUMMARY FOR THE SEASON, FROM
3/1/2021 TO 5/31/2021...
CLIMATE NORMAL PERIOD 1991 TO 2020
CLIMATE RECORD PERIOD 1893 TO 2021
WEATHER OBSERVED NORMAL DEPART LAST YEAR`S
VALUE DATE(S) VALUE FROM VALUE
NORMAL
..............................................................
TEMPERATURE (F)
RECORD
HIGH 99 05/20/1996
LOW 6 03/04/1943
HIGHEST 96 05/22 MM MM
LOWEST 21 03/02 MM MM
AVG. MAXIMUM 64.9 62.0 2.9
AVG. MINIMUM 44.7 44.1 0.6
MEAN 54.8 53.0 1.8
DAYS MAX >= 90 4 2.0 2.0
DAYS MAX <= 32 0 1.0 -1.0
DAYS MIN <= 32 14 13.6 0.4
DAYS MIN <= 0 0 0.0 0.0
PRECIPITATION (INCHES)
RECORD
MAXIMUM 26.50 1983
MINIMUM 4.54 1935
TOTALS 9.93 11.97 -2.04 9.22
DAILY AVG. 0.11 0.13 -0.02
DAYS >= .01 29 33.8 -4.8
DAYS >= .10 18 20.5 -2.5
DAYS >= .50 7 7.8 -0.8
DAYS >= 1.00 3 2.6 0.4
GREATEST
24 HR. TOTAL 1.70 05/28 TO 05/29
STORM TOTAL 1.35
(MM/DD(HH))
SNOWFALL (INCHES)
RECORDS
TOTAL 29.4 1956
24 HR TOTAL 12.8 04/06/1982 TO 04/06/1982
TOTALS T 6.1 -6.1
LIQUID EQUIV T 0.60 -0.60
SINCE 7/1 45.7 31.5 14.2
LIQUID 7/1 4.57
DAYS >= TRACE 3 3.0 0.0
DAYS >= 1.0 0 2.0 -2.0
GREATEST
SNOW DEPTH 0
24 HR TOTAL MM
STORM TOTAL 0.0
(MM/DD(HH))
DEGREE DAYS
HEATING TOTAL 1025 1184 -159
SINCE 7/1 4336 4687 -351
COOLING TOTAL 110 84 26
SINCE 1/1 110 84 26
..............................................................
WIND (MPH)
AVERAGE WIND SPEED 10.4
HIGHEST WIND SPEED/DIRECTION 45/260 DATE 05/26
HIGHEST GUST SPEED/DIRECTION 59/260 DATE 03/26
SKY COVER
POSSIBLE SUNSHINE (PERCENT) MM
AVERAGE SKY COVER 0.61
NUMBER OF DAYS FAIR 21
NUMBER OF DAYS PC 37
NUMBER OF DAYS CLOUDY 34
AVERAGE RH (PERCENT) 53
WEATHER CONDITIONS. NUMBER OF DAYS WITH
THUNDERSTORM 6 MIXED PRECIP 0
HEAVY RAIN 9 RAIN 15
LIGHT RAIN 38 FREEZING RAIN 0
LT FREEZING RAIN 0 HAIL 0
HEAVY SNOW 0 SNOW 0
LIGHT SNOW 3 SLEET 1
FOG 23 FOG W/VIS <= 1/4 MILE 2
HAZE 11
- INDICATES NEGATIVE NUMBERS.
R INDICATES RECORD WAS SET OR TIED.
MM INDICATES DATA IS MISSING.
T INDICATES TRACE AMOUNT.
$$