645
CXUS53 KDDC 021718
CLSGCK
CLIMATE REPORT
NATIONAL WEATHER SERVICE DODGE CITY KS
1050 AM CST MON MAR 2 2020
...................................
...THE GARDEN CITY REGIONAL ARPT KS CLIMATE SUMMARY FOR THE SEASON, FROM
12/1/2019 TO 2/29/2020...
CLIMATE NORMAL PERIOD 1981 TO 2010
CLIMATE RECORD PERIOD 1948 TO 2020
WEATHER OBSERVED NORMAL DEPART LAST YEAR`S
VALUE DATE(S) VALUE FROM VALUE DATE(S)
NORMAL
................................................................
TEMPERATURE (F)
RECORD
HIGH 89 02/18/2016
LOW -19 12/18/2016
01/14/1979
HIGHEST 77 02/02 MM MM 70 02/03
LOWEST 7 02/13 MM MM -3 02/28
AVG. MAXIMUM 48.4 45.5 2.9 41.8
AVG. MINIMUM 20.7 19.2 1.5 17.2
MEAN 34.6 32.4 2.2 29.5
DAYS MAX >= 90 0 0.0 0.0 0
DAYS MAX <= 32 8 16.1 -8.1 22
DAYS MIN <= 32 89 85.0 4.0 86
DAYS MIN <= 0 0 3.8 -3.8 2
PRECIPITATION (INCHES)
RECORD
MAXIMUM 4.83 2007
MINIMUM T 2018
TOTALS 1.68 1.40 0.28 2.54
DAILY AVG. 0.02 0.02 0.00 0.03
DAYS >= .01 9 10.3 -1.3 6
DAYS >= .10 4 4.1 -0.1 2
DAYS >= .50 1 0.5 0.5 2
DAYS >= 1.00 0 0.0 0.0 1
GREATEST
24 HR. TOTAL 0.95 12/27 TO 12/28 12/26 TO 12/27
DEGREE_DAYS
HEATING TOTAL 2747 2961 -214 3162
SINCE 7/1 4022 4050 -28 4461
COOLING TOTAL 0 0 0 0
SINCE 1/1 0 0 0 0
.................................................................
WIND (MPH)
AVERAGE WIND SPEED 11.5
RESULTANT WIND SPEED/DIRECTION 3/327
HIGHEST WIND SPEED/DIRECTION 41/020 DATE 02/23
HIGHEST GUST SPEED/DIRECTION 55/030 DATE 02/23
SKY COVER
POSSIBLE SUNSHINE (PERCENT) MM
AVERAGE SKY COVER 0.30
NUMBER OF DAYS FAIR 61
NUMBER OF DAYS PC 25
NUMBER OF DAYS CLOUDY 5
AVERAGE RH (PERCENT) 64
WEATHER CONDITIONS. NUMBER OF DAYS WITH
THUNDERSTORM 1 MIXED PRECIP 0
HEAVY RAIN 2 RAIN 4
LIGHT RAIN 7 FREEZING RAIN 2
LT FREEZING RAIN 5 HAIL 0
HEAVY SNOW 0 SNOW 2
LIGHT SNOW 13 SLEET 0
FOG 26 FOG W/VIS <= 1/4 MILE 4
HAZE 3 BLOWING SNOW 0
TORNADO 0
- INDICATES NEGATIVE NUMBERS.
R INDICATES RECORD WAS SET OR TIED.
MM INDICATES DATA IS MISSING.
T INDICATES TRACE AMOUNT.
$$