000
CXUS53 KDDC 011348
CLSGCK
CLIMATE REPORT
NATIONAL WEATHER SERVICE DODGE CITY, KANSAS
848 AM CDT THU JUN 01 2023
...................................
...THE GARDEN CITY REGIONAL ARPT KS CLIMATE SUMMARY FOR THE SEASON, FROM
3/1/2023 TO 5/31/2023...
CLIMATE NORMAL PERIOD 1991 TO 2020
CLIMATE RECORD PERIOD 1948 TO 2023
WEATHER OBSERVED NORMAL DEPART LAST YEAR`S
VALUE DATE(S) VALUE FROM VALUE DATE(S)
NORMAL
................................................................
TEMPERATURE (F)
RECORD
HIGH 106 05/26/1953
LOW -22 03/11/1948
HIGHEST 94 05/09 MM MM 102 05/28
LOWEST 10 03/18 MM MM 10 03/11
03/19
AVG. MAXIMUM 67.4 68.1 -0.7 69.7
AVG. MINIMUM 38.4 38.6 -0.2 37.4
MEAN 52.9 53.4 -0.5 53.5
DAYS MAX >= 90 3 5.4 -2.4 11
DAYS MAX <= 32 0 1.4 -1.4 1
DAYS MIN <= 32 37 27.2 9.8 35
DAYS MIN <= 0 0 0.2 -0.2 0
PRECIPITATION (INCHES)
RECORD
MAXIMUM 13.01 1990
MINIMUM 0.77 1966
TOTALS 5.97 5.05 0.92 0.95
DAYS >= .01 14 20.4 -6.4 9
DAYS >= .10 8 9.6 -1.6 5
DAYS >= .50 5 3.3 1.7 0
DAYS >= 1.00 1 1.1 -0.1 0
GREATEST
24 HR. TOTAL 1.94 05/18 TO 05/19 0.39 05/18 TO 05/18
DEGREE DAYS
HEATING TOTAL 1177 1168 9 1196
SINCE 7/1 5234 5161 73 4824
COOLING TOTAL 89 97 -8 164
SINCE 1/1 89 97 -8 164
................................................................
WIND (MPH)
AVERAGE WIND SPEED 13.4
RESULTANT WIND SPEED/DIRECTION 2/120
HIGHEST WIND SPEED/DIRECTION 52/350 DATE 04/19
HIGHEST GUST SPEED/DIRECTION 66/350 DATE 04/19
SKY COVER
POSSIBLE SUNSHINE (PERCENT) MM
AVERAGE SKY COVER 0.27
NUMBER OF DAYS FAIR 62
NUMBER OF DAYS PC 21
NUMBER OF DAYS CLOUDY 9
AVERAGE RH (PERCENT) 59
WEATHER CONDITIONS. NUMBER OF DAYS WITH
THUNDERSTORM 9 MIXED PRECIP 0
HEAVY RAIN 8 RAIN 13
LIGHT RAIN 19 FREEZING RAIN 0
LT FREEZING RAIN 0 HAIL 0
HEAVY SNOW 0 SNOW 0
LIGHT SNOW 1 SLEET 0
FOG 34 FOG W/VIS <= 1/4 MILE 5
HAZE 16
- INDICATES NEGATIVE NUMBERS.
R INDICATES RECORD WAS SET OR TIED.
MM INDICATES DATA IS MISSING.
T INDICATES TRACE AMOUNT.
$$