000
CXUS54 KJAN 101719
CLSGWO
CLIMATE REPORT
NATIONAL WEATHER SERVICE JACKSON MS
1209 PM CDT WED JUN 10 2020
...................................
...THE GREENWOOD CLIMATE SUMMARY FOR THE SEASON, FROM
3/1/2020 TO 5/31/2020...
CLIMATE NORMAL PERIOD 1981 TO 2010
CLIMATE RECORD PERIOD 1948 TO 2020
WEATHER OBSERVED NORMAL DEPART LAST YEAR`S
VALUE DATE(S) VALUE FROM VALUE DATE(S)
NORMAL
................................................................
TEMPERATURE (F)
RECORD
HIGH 100 05/31/1951
LOW 15 03/09/1996
03/03/1980
HIGHEST 92 05/24 MM MM 92 05/26
05/22 05/24
05/23 05/25
LOWEST 33 03/07 MM MM 23 03/06
AVG. MAXIMUM 76.5 75.0 1.5 74.8
AVG. MINIMUM 55.5 52.1 3.4 53.1
MEAN 66.0 63.6 2.4 64.0
DAYS MAX >= 90 4 3.3 0.7 9
DAYS MAX <= 32 0 0.0 0.0 0
DAYS MIN <= 32 0 4.2 -4.2 5
DAYS MIN <= 0 0 0.0 0.0 0
PRECIPITATION (INCHES)
RECORD
MAXIMUM 30.35 1973
MINIMUM 7.13 2007
TOTALS 17.52 14.39 3.13 19.19
DAILY AVG. 0.19 0.16 0.03 0.21
DAYS >= .01 37 27.3 9.7 30
DAYS >= .10 26 19.1 6.9 22
DAYS >= .50 11 8.7 2.3 14
DAYS >= 1.00 7 5.1 1.9 10
SNOWFALL (INCHES)
TOTALS 0.0
DEGREE_DAYS
HEATING TOTAL 230 456 -226 459
SINCE 7/1 2131 2688 -557 2452
COOLING TOTAL 349 325 24 388
SINCE 1/1 354 330 24 403
FREEZE DATES
RECORD
EARLIEST MM
LATEST MM
.................................................................
WIND (MPH)
AVERAGE WIND SPEED 6.8
HIGHEST WIND SPEED/DIRECTION 30/150 DATE 04/22
HIGHEST GUST SPEED/DIRECTION 45/310 DATE 04/12
SKY COVER
POSSIBLE SUNSHINE (PERCENT) MM
AVERAGE SKY COVER 0.30
NUMBER OF DAYS FAIR 52
NUMBER OF DAYS PC 27
NUMBER OF DAYS CLOUDY 11
AVERAGE RH (PERCENT) 71
WEATHER CONDITIONS. NUMBER OF DAYS WITH
THUNDERSTORM 19 MIXED PRECIP 0
HEAVY RAIN 23 RAIN 30
LIGHT RAIN 45 FREEZING RAIN 0
LT FREEZING RAIN 0 HAIL 0
HEAVY SNOW 0 SNOW 0
LIGHT SNOW 0 SLEET 0
FOG 34 FOG W/VIS <= 1/4 MILE 0
HAZE 4
- INDICATES NEGATIVE NUMBERS.
R INDICATES RECORD WAS SET OR TIED.
MM INDICATES DATA IS MISSING.
T INDICATES TRACE AMOUNT.
$$