748
CXUS54 KJAN 101719
CLSHBG
CLIMATE REPORT
NATIONAL WEATHER SERVICE JACKSON MS
1209 PM CDT WED JUN 10 2020
...................................
...THE HATTIESBURG CLIMATE SUMMARY FOR THE SEASON, FROM
3/1/2020 TO 5/31/2020...
CLIMATE NORMAL PERIOD 1981 TO 2010
CLIMATE RECORD PERIOD 1893 TO 2020
WEATHER OBSERVED NORMAL DEPART LAST YEAR`S
VALUE DATE(S) VALUE FROM VALUE DATE(S)
NORMAL
................................................................
TEMPERATURE (F)
RECORD
HIGH 104 05/31/1951
LOW 17 03/03/1980
03/04/1943
HIGHEST 90 05/25 MM MM 94 05/31
05/22 05/26
05/24
LOWEST 34 03/07 MM MM 27 03/06
AVG. MAXIMUM 80.0 78.3 1.7 78.3
AVG. MINIMUM 57.4 53.7 3.7 54.6
MEAN 68.7 66.0 2.7 66.5
DAYS MAX >= 90 5 6.6 -1.6 12
DAYS MAX <= 32 0 0.0 0.0 0
DAYS MIN <= 32 0 1.8 -1.8 3
DAYS MIN <= 0 0 0.0 0.0 0
PRECIPITATION (INCHES)
RECORD
MAXIMUM 31.77 1983
MINIMUM 4.92 1963
TOTALS 13.14 15.41 -2.27 17.45
DAILY AVG. 0.14 0.17 -0.03 0.19
DAYS >= .01 33 MM MM 27
DAYS >= .10 19 MM MM 21
DAYS >= .50 9 MM MM 10
DAYS >= 1.00 2 MM MM 5
SNOWFALL (INCHES)
TOTALS 0.0
GREATEST
SNOW DEPTH 0
DEGREE_DAYS
HEATING TOTAL 122 307 -185 317
SINCE 7/1 1541 1985 -444 1734
COOLING TOTAL 490 400 90 478
SINCE 1/1 523 415 108 519
FREEZE DATES
RECORD
EARLIEST MM
LATEST MM
.................................................................
WIND (MPH)
AVERAGE WIND SPEED 5.6
HIGHEST WIND SPEED/DIRECTION 43/140 DATE 05/24
HIGHEST GUST SPEED/DIRECTION 62/360 DATE 04/19
SKY COVER
POSSIBLE SUNSHINE (PERCENT) MM
AVERAGE SKY COVER 0.40
NUMBER OF DAYS FAIR 43
NUMBER OF DAYS PC 38
NUMBER OF DAYS CLOUDY 11
AVERAGE RH (PERCENT) 69
WEATHER CONDITIONS. NUMBER OF DAYS WITH
THUNDERSTORM 20 MIXED PRECIP 0
HEAVY RAIN 21 RAIN 24
LIGHT RAIN 44 FREEZING RAIN 0
LT FREEZING RAIN 0 HAIL 0
HEAVY SNOW 0 SNOW 0
LIGHT SNOW 0 SLEET 0
FOG 45 FOG W/VIS <= 1/4 MILE 5
HAZE 11
- INDICATES NEGATIVE NUMBERS.
R INDICATES RECORD WAS SET OR TIED.
MM INDICATES DATA IS MISSING.
T INDICATES TRACE AMOUNT.
$$