000
CXUS51 KPBZ 011449
CLSHLG
CLIMATE REPORT
NATIONAL WEATHER SERVICE PITTSBURGH PA
1049 AM EDT WED JUN 01 2022
...................................
...THE WHEELING WV CLIMATE SUMMARY FOR THE SEASON, FROM
3/1/2022 TO 5/31/2022...
CLIMATE NORMAL PERIOD 1991 TO 2020
CLIMATE RECORD PERIOD 1878 TO 2022
WEATHER OBSERVED NORMAL DEPART LAST YEAR`S
VALUE DATE(S) VALUE FROM VALUE DATE(S)
NORMAL
................................................................
TEMPERATURE (F)
RECORD
HIGH 96 05/31/1919
LOW -11 03/04/1943
HIGHEST 88 05/31 86 2 86 05/23
05/25
LOWEST 12 03/13 14 -2 18 03/05
AVG. MAXIMUM 63.2 61.3 1.9 63.7
AVG. MINIMUM 42.9 41.3 1.6 42.1
MEAN 53.0 51.3 1.7 52.9
DAYS MAX >= 90 0 0.0 0.0 0
DAYS MAX <= 32 3 2.7 0.3 0
DAYS MIN <= 32 18 22.9 -4.9 20
DAYS MIN <= 0 0 0.0 0.0 0
PRECIPITATION (INCHES)
RECORD
MAXIMUM 17.26 1901
MINIMUM 0.34
TOTALS 8.41 10.13 6.70
DAILY AVG. 0.09 0.11 -0.02 0.09
DAYS >= .01 44 40.7 3.3 23
DAYS >= .10 20 23.8 -3.8 14
DAYS >= .50 4 7.0 -3.0 6
DAYS >= 1.00 1 1.3 -0.3 1
GREATEST
24 HR. TOTAL 1.26 05/06 TO 05/07
STORM TOTAL 1.00
(MM/DD(HH))
DEGREE DAYS
HEATING TOTAL 1169 1329 -160 1183
SINCE 7/1 4828 5388 -560 MM
COOLING TOTAL 95 65 30 92
SINCE 1/1 95 65 30 MM
................................................................
WIND (MPH)
AVERAGE WIND SPEED 8.8
HIGHEST WIND SPEED/DIRECTION 48/280 DATE 05/03
HIGHEST GUST SPEED/DIRECTION 65/290 DATE 05/03
AVERAGE RH (PERCENT) 64
WEATHER CONDITIONS. NUMBER OF DAYS WITH
THUNDERSTORM 10 MIXED PRECIP 0
HEAVY RAIN 8 RAIN 19
LIGHT RAIN 44 FREEZING RAIN 0
LT FREEZING RAIN 0 HAIL 0
HEAVY SNOW 3 SNOW 6
LIGHT SNOW 9 SLEET 0
FOG 43 FOG W/VIS <= 1/4 MILE 5
HAZE 9
- INDICATES NEGATIVE NUMBERS.
R INDICATES RECORD WAS SET OR TIED.
MM INDICATES DATA IS MISSING.
T INDICATES TRACE AMOUNT.
$$