393
CXUS54 KLZK 080406
CLSHRO
CLIMATE REPORT
NATIONAL WEATHER SERVICE LITTLE ROCK AR
1102 PM CDT FRI JUN 7 2019
...................................
...THE HARRISON CLIMATE SUMMARY FOR THE SEASON, FROM
3/1/2019 TO 5/31/2019...
CLIMATE NORMAL PERIOD 1981 TO 2010
CLIMATE RECORD PERIOD 1891 TO 2019
WEATHER OBSERVED NORMAL DEPART LAST YEAR`S
VALUE DATE(S) VALUE FROM VALUE DATE(S)
NORMAL
................................................................
TEMPERATURE (F)
RECORD
HIGH 99 04/27/1927
05/29/1926 ...Data for Harrison for Spring 2019...
.Summary...
Spring 2019 was a little over a degree above average in terms of
temperatures.
This was the first Spring in two years with rainfall above average.
There were 31 days with measurable rainfall, which was the fewest in
two years.
Even though snowfall was below average, the Spring still saw the most
snowfall in two years.
.Temperatures...
The average high temperature was the coolest since 2015. The average low
temperature was the warmest since 2017. The average seasonal temperature
was the coolest since 2014.
.Rainfall...
It was the wettest Spring since 2017.
.Snowfall...
Even though the amount was below average, it was still the snowiest Spring
since 2017, and the third consecutive year with measurable snowfall in the
Spring.
05/28/1926
LOW -10 03/12/1948
HIGHEST 87 05/16 68 19 90 05/28
LOWEST 7 03/04 47 -40 23 04/07
AVG. MAXIMUM 68.1 68.4 -0.3 70.2
AVG. MINIMUM 46.9 46.6 0.3 46.8
MEAN 57.5 57.5 0.0 58.5
DAYS MAX >= 90 0 0.5 -0.5 1
DAYS MAX <= 32 1 0.3 0.7 0
DAYS MIN <= 32 11 10.3 0.7 18
DAYS MIN <= 0 0 0.0 0.0 0
PRECIPITATION (INCHES)
RECORD
MAXIMUM 31.98 1945
MINIMUM 5.15 1982
TOTALS 15.78 12.80 2.98 11.73
DAILY AVG. 0.17 0.14 0.03 0.13
DAYS >= .01 31 32.5 -1.5 33
DAYS >= .10 24 14
DAYS >= .50 10 6
DAYS >= 1.00 5 3.7 1.3 5
GREATEST
24 HR. TOTAL 1.78 04/30 TO 04/30
SNOWFALL (INCHES)
RECORDS
TOTAL 16.0 1988
24 HR TOTAL 13.0 03/08/1994 TO 03/08/1994
03/17/1988 TO 03/17/1988
SNOW DEPTH 13 03/09/1994
TOTALS 0.6 2.3 -1.7 0.1
LIQUID EQUIV 0.06 0.20 -0.14 0.01
SINCE 7/1 4.5
LIQUID 7/1 0.45 1.00 -0.55 0.22
SNOWDEPTH AVG. 0 T 0 0
DAYS >= TRACE 2 3.0 -1.0 6
DAYS >= 1.0 0 0.0 0.0 0
GREATEST
SNOW DEPTH 0 MM -1 04/07
24 HR TOTAL 0.6 03/03 TO 03/04
DEGREE_DAYS
HEATING TOTAL 841 827 14 834
SINCE 7/1 3989 3998 -9 MM
COOLING TOTAL 171 139 32 271
SINCE 1/1 171 139 32 276
FREEZE DATES
RECORD
EARLIEST 09/13/1902
LATEST 05/17/1912
EARLIEST 10/29
LATEST 04/04
.................................................................
WIND (MPH)
AVERAGE WIND SPEED 8.0
HIGHEST WIND SPEED/DIRECTION 32/160 DATE 04/10
HIGHEST GUST SPEED/DIRECTION 48/250 DATE 03/09
SKY COVER
POSSIBLE SUNSHINE (PERCENT) MM
AVERAGE SKY COVER 0.40
NUMBER OF DAYS FAIR 46
NUMBER OF DAYS PC 29
NUMBER OF DAYS CLOUDY 16
AVERAGE RH (PERCENT) 68
- INDICATES NEGATIVE NUMBERS.
R INDICATES RECORD WAS SET OR TIED.
MM INDICATES DATA IS MISSING.
T INDICATES TRACE AMOUNT.
&&
...Data for Harrison for Spring 2019...
.Summary...
Spring 2019 was a little over a degree above average in terms of
temperatures.
This was the first Spring in two years with rainfall above average.
There were 31 days with measurable rainfall, which was the fewest in
two years.
Even though snowfall was below average, the Spring still saw the most
snowfall in two years.
.Temperatures...
The average high temperature was the coolest since 2015. The average low
temperature was the warmest since 2017. The average seasonal temperature
was the coolest since 2014.
.Rainfall...
It was the wettest Spring since 2017.
.Snowfall...
Even though the amount was below average, it was still the snowiest Spring
since 2017, and the third consecutive year with measurable snowfall in the
Spring.
$$
57