000
CXUS53 KEAX 011404 RRA
CLSIRK
CLIMATE REPORT
NATIONAL WEATHER SERVICE KANSAS CITY/PLEASANT HILL MO
757 AM CST FRI MAR 01 2024
...................................
...THE KIRKSVILLE MO CLIMATE SUMMARY FOR THE SEASON, FROM
12/1/2023 TO 2/29/2024...
CLIMATE NORMAL PERIOD: 1991 TO 2020
CLIMATE RECORD PERIOD: 9999 TO 9999
WEATHER OBSERVED NORMAL DEPART LAST YEAR`S
VALUE DATE(S) VALUE FROM VALUE DATE(S)
NORMAL
................................................................
TEMPERATURE (F)
HIGHEST 77 02/26 63 14 66 12/29
LOWEST -17 01/15 -5 -12 -11 12/22
01/14
12/23
AVG. MAXIMUM 43.6 37.7 5.9 41.4
AVG. MINIMUM 24.6 19.9 4.7 21.5
MEAN 34.1 28.8 5.3 31.5
DAYS MAX >= 90 0 0.0 0.0 0
DAYS MAX <= 32 16 31.8 -15.8 21
DAYS MIN <= 32 71 78.6 -7.6 76
DAYS MIN <= 0 7 6.6 0.4 6
PRECIPITATION (INCHES)
TOTALS 6.73 5.04 1.69 7.30
DAILY AVG. 0.07 NAN NAN 0.08
DAYS >= .01 28 23.6 4.4 23
DAYS >= .10 16 10.9 5.1 12
DAYS >= .50 5 3.0 2.0 6
DAYS >= 1.00 0 1.0 -1.0 3
GREATEST
24 HR. TOTAL 1.03 01/08 TO 01/09
DEGREE DAYS
HEATING TOTAL 2802 3260 -458 2975
COOLING TOTAL 0 0 0 0
................................................................
WIND (MPH)
AVERAGE WIND SPEED 8.8
HIGHEST WIND SPEED/DIRECTION 33/220 DATE 02/08
HIGHEST GUST SPEED/DIRECTION 54/210 DATE 02/08
SKY COVER
POSSIBLE SUNSHINE (PERCENT) MM
AVERAGE SKY COVER 0.41
NUMBER OF DAYS FAIR 45
NUMBER OF DAYS PC 21
NUMBER OF DAYS CLOUDY 25
AVERAGE RH (PERCENT) 73
WEATHER CONDITIONS. NUMBER OF DAYS WITH
THUNDERSTORM 0 MIXED PRECIP 0
HEAVY RAIN 1 RAIN 4
LIGHT RAIN 12 FREEZING RAIN 0
LT FREEZING RAIN 3 HAIL 0
HEAVY SNOW 0 SNOW 8
LIGHT SNOW 18 SLEET 0
FOG 47 FOG W/VIS <= 1/4 MILE 14
HAZE 15
- INDICATES NEGATIVE NUMBERS.
R INDICATES RECORD WAS SET OR TIED.
MM INDICATES DATA IS MISSING.
T INDICATES TRACE AMOUNT.
$$