000
CXUS53 KJKL 011653
CLSLOZ
CLIMATE REPORT
NATIONAL WEATHER SERVICE JACKSON KY
1153 AM EST WED MAR 01 2023
...................................
...THE LONDON KY CLIMATE SUMMARY FOR THE SEASON, FROM
12/1/2022 TO 2/28/2023...
CLIMATE NORMAL PERIOD 1991 TO 2020
CLIMATE RECORD PERIOD 1954 TO 2023
WEATHER OBSERVED NORMAL DEPART LAST YEAR`S
VALUE DATE(S) VALUE FROM VALUE DATE(S)
NORMAL
................................................................
TEMPERATURE (F)
RECORD
HIGH 81 02/26/1977
LOW -25 01/19/1994
HIGHEST 77 02/23 MM MM 74 01/01
LOWEST -4 12/23 MM MM 9 01/08
01/29
AVG. MAXIMUM 52.7 47.8 4.9 51.3
AVG. MINIMUM 33.6 28.9 4.7 29.3
MEAN 43.1 38.4 4.7 40.3
DAYS MAX >= 90 0 0.0 0.0 0
DAYS MAX <= 32 4 10.2 -6.2 7
DAYS MIN <= 32 44 58.0 -14.0 62
DAYS MIN <= 0 2 0.6 1.4 0
PRECIPITATION (INCHES)
RECORD
MAXIMUM 25.70 1979
MINIMUM 5.06 1977
TOTALS 12.40 12.45 -0.05 11.78
DAILY AVG. 0.14 0.14 0.00 0.17
DAYS >= .01 38 35.8 2.2 26
DAYS >= .10 22 22.5 -0.5 21
DAYS >= .50 9 9.4 -0.4 10
DAYS >= 1.00 2 3.5 -1.5 6
GREATEST
24 HR. TOTAL 2.95 02/16 TO 02/17 1.85
SNOWFALL (INCHES)
RECORDS
TOTAL 36.7 1979
TOTALS MM MM MM MM
SINCE 7/1 MM MM MM MM
SNOWDEPTH AVG. MM MM
DAYS >= 1.0 MM MM MM MM
GREATEST
24 HR TOTAL MM MM
DEGREE DAYS
HEATING TOTAL 1955 2403 -448 2127
SINCE 7/1 MM 3251 9098 2965
COOLING TOTAL 1 0 1 0
SINCE 1/1 1 0 1 0
................................................................
WIND (MPH)
AVERAGE WIND SPEED 5.9
RESULTANT WIND SPEED/DIRECTION 3/230
HIGHEST WIND SPEED/DIRECTION 33/210 DATE 02/09
HIGHEST GUST SPEED/DIRECTION 52/210 DATE 02/09
SKY COVER
POSSIBLE SUNSHINE (PERCENT) MM
NUMBER OF DAYS FAIR 30
NUMBER OF DAYS PC 31
NUMBER OF DAYS CLOUDY 29
AVERAGE RH (PERCENT) 72
WEATHER CONDITIONS. NUMBER OF DAYS WITH
THUNDERSTORM 5 MIXED PRECIP 0
HEAVY RAIN 12 RAIN 19
LIGHT RAIN 36 FREEZING RAIN 1
LT FREEZING RAIN 2 HAIL 0
HEAVY SNOW 1 SNOW 2
LIGHT SNOW 9 SLEET 0
FOG 43 FOG W/VIS <= 1/4 MILE 7
HAZE 0
- INDICATES NEGATIVE NUMBERS.
R INDICATES RECORD WAS SET OR TIED.
MM INDICATES DATA IS MISSING.
T INDICATES TRACE AMOUNT.
&&
...MISSING ANNUAL HEATING DEGREE DAYS DUE TO TEMPERATURE SENSOR
ERROR IN NOVEMBER...
$$
CARICO