000
CXUS53 KILX 011855
CLSLWV
CLIMATE REPORT
NATIONAL WEATHER SERVICE LINCOLN IL
155 PM CDT WED SEP 01 2021
...................................
...THE LAWRENCEVILLE IL AIRPORT CLIMATE SUMMARY FOR THE SEASON, FROM
6/1/2021 TO 8/31/2021...
CLIMATE NORMAL PERIOD 1991 TO 2020
CLIMATE RECORD PERIOD 9999 TO 9999
WEATHER OBSERVED NORMAL DEPART LAST YEAR`S
VALUE DATE(S) VALUE FROM VALUE
NORMAL
..............................................................
TEMPERATURE (F)
RECORD
HIGH MM MM
LOW 54 06/22/2021
HIGHEST 96 06/18 MM MM 95
LOWEST 54R 06/22 MM MM 55
AVG. MAXIMUM 86.3 86.6 -0.3 87.1
AVG. MINIMUM 67.4 65.5 1.9 67.2
MEAN 76.8 76.0 0.8 77.1
DAYS MAX >= 90 29 31.6 -2.6 MM
DAYS MAX <= 32 0 0.0 0.0 MM
DAYS MIN <= 32 0 0.0 0.0 MM
DAYS MIN <= 0 0 0.0 0.0 MM
PRECIPITATION (INCHES)
RECORD
MAXIMUM MM MM
MINIMUM MM MM
TOTALS 12.73 11.54 1.19 8.86
DAILY AVG. 0.14 0.15
DAYS >= .01 33 30.6 2.4 MM
DAYS >= .10 18 18.1 -0.1 MM
DAYS >= .50 9 7.6 1.4 MM
DAYS >= 1.00 3 3.8 -0.8 MM
GREATEST
24 HR. TOTAL 2.37 08/09 TO 08/09 3.12
DEGREE DAYS
HEATING TOTAL 0 7 -7 0
SINCE 7/1 0 0 0 0
COOLING TOTAL 1111 1022 89 765
SINCE 1/1 1241 1176 65 20779
FREEZE DATES
RECORD
EARLIEST MM
LATEST MM
EARLIEST MM
LATEST 04/21
..............................................................
WIND (MPH)
AVERAGE WIND SPEED 6.1
HIGHEST WIND SPEED/DIRECTION 43/340 DATE 08/12
HIGHEST GUST SPEED/DIRECTION 58/320 DATE 08/12
SKY COVER
POSSIBLE SUNSHINE (PERCENT) MM
AVERAGE SKY COVER 0.26
NUMBER OF DAYS FAIR 66
NUMBER OF DAYS PC 22
NUMBER OF DAYS CLOUDY 4
AVERAGE RH (PERCENT) 75
WEATHER CONDITIONS. NUMBER OF DAYS WITH
THUNDERSTORM 27 MIXED PRECIP 0
HEAVY RAIN 16 RAIN 19
LIGHT RAIN 36 FREEZING RAIN 0
LT FREEZING RAIN 0 HAIL 0
HEAVY SNOW 0 SNOW 0
LIGHT SNOW 0 SLEET 0
FOG 52 FOG W/VIS <= 1/4 MILE 5
HAZE 9
- INDICATES NEGATIVE NUMBERS.
R INDICATES RECORD WAS SET OR TIED.
MM INDICATES DATA IS MISSING.
T INDICATES TRACE AMOUNT.
$$