557
CXUS54 KLZK 080406
CLSLZK
CLIMATE REPORT
NATIONAL WEATHER SERVICE LITTLE ROCK AR
1102 PM CDT FRI JUN 7 2019
...................................
...THE NORTH LITTLE ROCK CLIMATE SUMMARY FOR THE SEASON, FROM
3/1/2019 TO 5/31/2019...
CLIMATE NORMAL PERIOD 1981 TO 2010
CLIMATE RECORD PERIOD 1975 TO 2019
WEATHER OBSERVED NORMAL DEPART LAST YEAR`S
VALUE DATE(S) VALUE FROM VALUE DATE(S)
NORMAL
................................................................
TEMPERATURE (F)
RECORD
HIGH 98 05/30/1977
LOW 14 03/03/2014
03/02/1980
03/02/1980
HIGHEST 89 05/26 73 16 91 05/30
05/25 05/19
05/28
LOWEST 17 03/04 53 -36 29 04/07
AVG. MAXIMUM 69.8 72.2 -2.4 72.2
AVG. MINIMUM 51.6 52.9 -1.3 52.1
MEAN 60.7 62.5 -1.8 62.2
DAYS MAX >= 90 0 1.8 -1.8 MM
DAYS MAX <= 32 0 0.1 -0.1 MM
DAYS MIN <= 32 4 2.7 1.3 MM
DAYS MIN <= 0 0 0.0 0.0 MM
PRECIPITATION (INCHES)
TOTALS 27.22R 14.52 12.70 11.77
DAILY AVG. 0.30 0.16 0.14 0.13
DAYS >= .01 38 30.6 7.4 MM
DAYS >= .10 26 21.8 4.2 MM
DAYS >= .50 14 10.1 3.9 MM
DAYS >= 1.00 10 4.1 5.9 MM
GREATEST
24 HR. TOTAL 4.46 04/18 TO 04/18
SNOWFALL (INCHES)
RECORDS
TOTAL 6.4 2015
24 HR TOTAL 6.4 03/04/2015 TO 03/05/2015
SNOW DEPTH 5 03/10/1984
TOTALS T 0.4 -0.4 T
LIQUID EQUIV T 0.00 0.00 MM
SINCE 7/1 0.6 4.4 -3.8 1.5
LIQUID 7/1 0.06 0.50 -0.44 0.15
SNOWDEPTH AVG. 0 MM MM 0
DAYS >= TRACE 1 0.3 0.7 MM
DAYS >= 1.0 0 0.2 -0.2 MM
GREATEST
SNOW DEPTH 0 MM 0 MM
24 HR TOTAL T 03/03 TO 03/03
DEGREE_DAYS
HEATING TOTAL 628 518 110 590
SINCE 7/1 3228 3005 223 3037
COOLING TOTAL 255 294 -39 360
SINCE 1/1 260 296 -36 363
FREEZE DATES
RECORD
EARLIEST 10/20/1989
LATEST 04/19/1983
EARLIEST 11/13
LATEST 03/19
.................................................................
WIND (MPH)
AVERAGE WIND SPEED 7.2
HIGHEST WIND SPEED/DIRECTION 32/090 DATE 04/13
HIGHEST GUST SPEED/DIRECTION 49/150 DATE 03/09
SKY COVER
POSSIBLE SUNSHINE (PERCENT) MM
AVERAGE SKY COVER MM
NUMBER OF DAYS FAIR MM
NUMBER OF DAYS PC MM
NUMBER OF DAYS CLOUDY MM
- INDICATES NEGATIVE NUMBERS.
R INDICATES RECORD WAS SET OR TIED.
MM INDICATES DATA IS MISSING.
T INDICATES TRACE AMOUNT.
&&
...Data for North Little Rock for Spring 2019...
.Summary...
Spring 2019 was nearly two degrees cooler than average. This was largely
due to frequent rainfall and associated cloud cover. Unlike last Spring,
there were no late snows or significant late-season freezes.
There were 38 days with measurable rainfall, which was the most in four
years. There were ten days with rainfall of one inch or higher, which
was the most since 1990, and tied with 1990 for the most on record for
Spring. There were five days with rainfall of two inches or higher, which
was the most since 2011, and broke the previous record of four days from
2011.
.Temperatures...
The average high, low, and seasonal temperatures were the coolest since
2014. The average high temperature was the 8th coolest on record. The
average seasonal temperature was also the 8th coolest on record.
.Rainfall...
It was the wetttest Spring since 1990, and the wettest Spring on record.
.Snowfall...
The only snow that fell was a trace on March 3rd. This marks the third
consecutive Spring with only a trace of snowfall, and the 4th consecutive
year with no measurable snowfall in the Spring.
$$
57