000
CXUS53 KEAX 011908
CLSMCI
CLIMATE REPORT
NATIONAL WEATHER SERVICE KANSAS CITY/PLEASANT HILL MO
206 PM CDT THU JUN 01 2023
...................................
...THE KANSAS CITY INTERNATIONAL MO CLIMATE SUMMARY FOR THE SEASON, FROM
3/1/2023 TO 5/31/2023...
CLIMATE NORMAL PERIOD: 1991 TO 2020
CLIMATE RECORD PERIOD: 1888 TO 2023
WEATHER OBSERVED NORMAL DEPART LAST YEAR`S
VALUE DATE(S) VALUE FROM VALUE DATE(S)
NORMAL
................................................................
TEMPERATURE (F)
RECORD
HIGH 103 05/30/1934
LOW -10 03/04/1978
HIGHEST 91 05/06 88 3 93 05/12
LOWEST 14 03/19 14 0 6 03/12
AVG. MAXIMUM 66.0 65.3 0.7 65.9
AVG. MINIMUM 43.7 43.9 -0.2 44.1
MEAN 54.9 54.6 0.3 55.0
DAYS MAX >= 90 1 1.0 0.0 4
DAYS MAX <= 32 1 1.4 -0.4 2
DAYS MIN <= 32 15 17.4 -2.4 14
DAYS MIN <= 0 0 0.2 -0.2 0
PRECIPITATION (INCHES)
RECORD
MAXIMUM 22.90 1904
MINIMUM 5.02 1928
TOTALS 9.91 11.73 -1.82 15.95
DAILY AVG. 0.11 0.13 -0.02 0.17
DAYS >= .01 31 32.9 -1.9 34
DAYS >= .10 20 20.1 -0.1 23
DAYS >= .50 8 8.1 -0.1 12
DAYS >= 1.00 3 3.0 0.0 6
GREATEST
24 HR. TOTAL 1.94
SNOWFALL (INCHES)
RECORDS
TOTAL 40.2 1912
TOTALS 0.3 2.0 -1.7 4.3
SINCE 7/1 9.0 18.2 -9.2 MM
DAYS >= TRACE 4 2.1 1.9 9
DAYS >= 1.0 0 0.7 -0.7 2
GREATEST
SNOW DEPTH 0
24 HR TOTAL MM
DEGREE DAYS
HEATING TOTAL 1053 1079 -26 1074
COOLING TOTAL 143 120 23 175
................................................................
WIND (MPH)
AVERAGE WIND SPEED 10.6
HIGHEST WIND SPEED/DIRECTION 41/300 DATE 04/15
HIGHEST GUST SPEED/DIRECTION 59/270 DATE 03/31
SKY COVER
POSSIBLE SUNSHINE (PERCENT) MM
AVERAGE SKY COVER 0.55
NUMBER OF DAYS FAIR 24
NUMBER OF DAYS PC 40
NUMBER OF DAYS CLOUDY 28
AVERAGE RH (PERCENT) 64
WEATHER CONDITIONS. NUMBER OF DAYS WITH
THUNDERSTORM 14 MIXED PRECIP 0
HEAVY RAIN 7 RAIN 13
LIGHT RAIN 34 FREEZING RAIN 0
LT FREEZING RAIN 0 HAIL 1
HEAVY SNOW 0 SNOW 1
LIGHT SNOW 4 SLEET 0
FOG 41 FOG W/VIS <= 1/4 MILE 2
HAZE 20
- INDICATES NEGATIVE NUMBERS.
R INDICATES RECORD WAS SET OR TIED.
MM INDICATES DATA IS MISSING.
T INDICATES TRACE AMOUNT.
$$