000
CXUS54 KJAN 101719
CLSMEI
CLIMATE REPORT
NATIONAL WEATHER SERVICE JACKSON MS
1209 PM CDT WED JUN 10 2020
...................................
...THE MERIDIAN CLIMATE SUMMARY FOR THE SEASON, FROM
3/1/2020 TO 5/31/2020...
CLIMATE NORMAL PERIOD 1981 TO 2010
CLIMATE RECORD PERIOD 1889 TO 2020
WEATHER OBSERVED NORMAL DEPART LAST YEAR`S
VALUE DATE(S) VALUE FROM VALUE DATE(S)
NORMAL
................................................................
TEMPERATURE (F)
RECORD
HIGH 99 05/31/1951
05/30/1951
LOW 15 03/03/1980
03/03/1943
HIGHEST 92 05/23 MM MM 95 05/26
LOWEST 36 04/16 MM MM 26 03/06
03/07
AVG. MAXIMUM 79.6 76.1 3.5 78.1
AVG. MINIMUM 55.8 50.0 5.8 54.1
MEAN 67.7 63.0 4.7 66.1
DAYS MAX >= 90 4 3.0 1.0 15
DAYS MAX <= 32 0 0.0 0.0 0
DAYS MIN <= 32 0 5.5 -5.5 3
DAYS MIN <= 0 0 0.0 0.0 0
PRECIPITATION (INCHES)
RECORD
MAXIMUM 33.87 1980
MINIMUM 6.38 1910
TOTALS 18.04 14.70 3.34 20.75
DAILY AVG. 0.19 0.16 0.03 0.23
DAYS >= .01 25 27.0 -2.0 26
DAYS >= .10 19 18.9 0.1 20
DAYS >= .50 9 9.5 -0.5 12
DAYS >= 1.00 6 5.4 0.6 7
SNOWFALL (INCHES)
RECORDS
TOTAL 5.7 1993
TOTALS 0.0 0.3 -0.3 0.0
SINCE 7/1 T 0.6 -0.6 0.1
DAYS >= TRACE 0
DAYS >= 1.0 0 0.1 -0.1 0
DEGREE_DAYS
HEATING TOTAL 171 455 -284 341
SINCE 7/1 1677 2553 -876 1922
COOLING TOTAL 440 276 164 461
SINCE 1/1 455 283 172 496
FREEZE DATES
RECORD
EARLIEST MM
LATEST MM
.................................................................
WIND (MPH)
AVERAGE WIND SPEED 6.4
HIGHEST WIND SPEED/DIRECTION 37/170 DATE 04/12
HIGHEST GUST SPEED/DIRECTION 55/310 DATE 04/19
SKY COVER
POSSIBLE SUNSHINE (PERCENT) MM
AVERAGE SKY COVER 0.40
NUMBER OF DAYS FAIR 47
NUMBER OF DAYS PC 33
NUMBER OF DAYS CLOUDY 12
AVERAGE RH (PERCENT) 68
WEATHER CONDITIONS. NUMBER OF DAYS WITH
THUNDERSTORM 18 MIXED PRECIP 0
HEAVY RAIN 16 RAIN 19
LIGHT RAIN 39 FREEZING RAIN 0
LT FREEZING RAIN 0 HAIL 1
HEAVY SNOW 0 SNOW 0
LIGHT SNOW 0 SLEET 0
FOG 41 FOG W/VIS <= 1/4 MILE 41
HAZE 6
- INDICATES NEGATIVE NUMBERS.
R INDICATES RECORD WAS SET OR TIED.
MM INDICATES DATA IS MISSING.
T INDICATES TRACE AMOUNT.
$$