000
CXUS51 KPBZ 011515
CLSMGW
CLIMATE REPORT
NATIONAL WEATHER SERVICE PITTSBURGH PA
1115 AM EDT THU SEP 01 2022
...................................
...THE MORGANTOWN WV CLIMATE SUMMARY FOR THE SEASON, FROM
6/1/2022 TO 8/31/2022...
CLIMATE NORMAL PERIOD 1991 TO 2020
CLIMATE RECORD PERIOD 1872 TO 2022
WEATHER OBSERVED NORMAL DEPART LAST YEAR`S
VALUE DATE(S) VALUE FROM VALUE DATE(S)
NORMAL
................................................................
TEMPERATURE (F)
RECORD
HIGH 105 08/26/1893
LOW 30 06/11/1972
HIGHEST 95 06/15 93 2 93 06/29
06/22
08/12
LOWEST 45 06/19 44 1 45 06/17
06/23
AVG. MAXIMUM 83.4 82.8 0.6 83.9
AVG. MINIMUM 63.3 62.0 1.3 64.2
MEAN 73.3 72.4 0.9 74.0
DAYS MAX >= 90 15 11.3 3.7 10
DAYS MAX <= 32 0 0.0 0.0 0
DAYS MIN <= 32 0 0.0 0.0 0
DAYS MIN <= 0 0 0.0 0.0 0
PRECIPITATION (INCHES)
RECORD
MAXIMUM 22.80 2003
MINIMUM 4.69 1893
TOTALS 14.33 12.65 1.68 15.83
DAILY AVG. 0.16 0.14 0.02 0.23
DAYS >= .01 40 36.0 4.0 33
DAYS >= .10 34 23.1 10.9 25
DAYS >= .50 10 8.7 1.3 9
DAYS >= 1.00 0 2.9 -2.9 4
GREATEST
24 HR. TOTAL 1.37
STORM TOTAL 0.96
(MM/DD(HH))
DEGREE DAYS
HEATING TOTAL 7 28 -21 16
SINCE 7/1 0 1 -1 MM
COOLING TOTAL 799 710 89 873
SINCE 1/1 921 799 122 MM
................................................................
WIND (MPH)
AVERAGE WIND SPEED 3.9
HIGHEST WIND SPEED/DIRECTION 29/350 DATE 06/22
HIGHEST GUST SPEED/DIRECTION 54/330 DATE 07/23
AVERAGE RH (PERCENT) 70
WEATHER CONDITIONS. NUMBER OF DAYS WITH
THUNDERSTORM 29 MIXED PRECIP 0
HEAVY RAIN 19 RAIN 20
LIGHT RAIN 39 FREEZING RAIN 0
LT FREEZING RAIN 0 HAIL 0
HEAVY SNOW 0 SNOW 0
LIGHT SNOW 0 SLEET 0
FOG 63 FOG W/VIS <= 1/4 MILE 16
HAZE 15
- INDICATES NEGATIVE NUMBERS.
R INDICATES RECORD WAS SET OR TIED.
MM INDICATES DATA IS MISSING.
T INDICATES TRACE AMOUNT.
$$