893
CXUS53 KMKX 021823
CLSMKE
CLIMATE REPORT
NATIONAL WEATHER SERVICE IN MILWAUKEE
108 PM CDT WED SEP 2 2020
...................................
...THE MILWAUKEE WI CLIMATE SUMMARY FOR THE SEASON, FROM
6/1/2020 TO 8/31/2020...
CLIMATE NORMAL PERIOD 1981 TO 2010
CLIMATE RECORD PERIOD 1871 TO 2020
WEATHER OBSERVED NORMAL DEPART LAST YEAR`S
VALUE DATE(S) VALUE FROM VALUE DATE(S)
NORMAL
................................................................
TEMPERATURE (F)
RECORD
HIGH 105 07/24/1934
LOW 33 06/04/1945
HIGHEST 95 07/26 95 0 94 07/10
LOWEST 48 06/01 44 4 45 06/03
AVG. MAXIMUM 82.0 78.0 4.0 78.6
AVG. MINIMUM 64.6 61.3 3.3 61.8
MEAN 73.4 69.6 3.8 70.2
DAYS MAX >= 90 8 6.4 1.6 10
DAYS MAX <= 32 0 0.0 0.0 0
DAYS MIN <= 32 0 0.0 0.0 0
DAYS MIN <= 0 0 0.0 0.0 0
PRECIPITATION (INCHES)
RECORD
MAXIMUM 19.48 1986
MINIMUM 3.27 1918
TOTALS 15.83 11.54 4.29 11.12
DAILY AVG. 0.17 0.13 0.04 0.12
DAYS >= .01 28 29.7 -1.7 32
DAYS >= .10 18 19.1 -1.1 22
DAYS >= .50 9 7.6 1.4 6
DAYS >= 1.00 5 2.7 2.3 3
GREATEST
24 HR. TOTAL 4.79 2.01
DEGREE_DAYS
HEATING TOTAL 39 110 -71 91
SINCE 7/1 3 26 -23 2
COOLING TOTAL 828 535 293 597
SINCE 1/1 863 565 298 606
FREEZE DATES
RECORD
EARLIEST 09/20/1956
LATEST 05/27/1961
EARLIEST 10/17
LATEST 04/27
.................................................................
WIND (MPH)
AVERAGE WIND SPEED 8.0
RESULTANT WIND SPEED/DIRECTION 1/177
HIGHEST WIND SPEED/DIRECTION 32/330 DATE 08/25
HIGHEST GUST SPEED/DIRECTION 48/310 DATE 06/11
SKY COVER
AVERAGE SKY COVER 0.50
NUMBER OF DAYS FAIR 24
NUMBER OF DAYS PC 55
NUMBER OF DAYS CLOUDY 13
AVERAGE RH (PERCENT) 66
- INDICATES NEGATIVE NUMBERS.
R INDICATES RECORD WAS SET OR TIED.
MM INDICATES DATA IS MISSING.
T INDICATES TRACE AMOUNT.
&&
AVERAGE TEMPERATURE 4TH WARMEST
PRECITIATION 7TH WETTEST
$$