000
CXUS51 KBOX 052055 RRC
CLSORH
CLIMATE REPORT
NATIONAL WEATHER SERVICE BOSTON/NORTON MA
451 PM EDT SUN JUN 05 2022
...................................
...THE WORCESTER MA CLIMATE SUMMARY FOR THE SEASON, FROM
3/1/2022 TO 5/31/2022...
CLIMATE NORMAL PERIOD 1991 TO 2020
CLIMATE RECORD PERIOD 1892 TO 2022
WEATHER OBSERVED NORMAL DEPART LAST YEAR`S
VALUE DATE(S) VALUE FROM VALUE
NORMAL
..............................................................
TEMPERATURE (F)
RECORD
HIGH 94 05/26/2010
LOW -6 03/04/1950
03/09/1943
HIGHEST 90 05/22 89
LOWEST 9 03/04 9
AVG. MAXIMUM 57.3 55.1 2.2
AVG. MINIMUM 39.2 36.5 2.7
MEAN 48.3 45.8 2.5
DAYS MAX >= 90 1 0.1 0.9
DAYS MAX <= 32 3 5.2 -2.2
DAYS MIN <= 32 19 31.8 -12.8
DAYS MIN <= 0 0 0.1 -0.1
PRECIPITATION (INCHES)
RECORD
MAXIMUM 22.40 1983
MINIMUM 4.78 1915
TOTALS 9.79 11.83 -2.04
DAILY AVG. 0.11 0.13 -0.02
DAYS >= .01 37 38.2 -1.2
DAYS >= .10 27 22.7 4.3
DAYS >= .50 6 8.0 -2.0
DAYS >= 1.00 2 2.7 -0.7
GREATEST
24 HR. TOTAL 1.22 04/08 TO 04/08
SNOWFALL (INCHES)
RECORDS
TOTAL 49.5 2018
TOTALS 6.3 15.6 -9.3
LIQUID EQUIV 0.60
SINCE 7/1 53.6 72.9 -19.3
DAYS >= TRACE 7 6.1 0.9
DAYS >= 1.0 2 3.4 -1.4
GREATEST
24 HR TOTAL 4.0 03/09 TO 03/09
DEGREE DAYS
HEATING TOTAL 1574 1794 -220
SINCE 7/1 5891 6543 -652
COOLING TOTAL 58 24 34
SINCE 1/1 58 24 34
FREEZE DATES
RECORD
EARLIEST 09/14/1893
LATEST 05/31/1938
EARLIEST 11/04
LATEST 04/23
..............................................................
WIND (MPH)
AVERAGE WIND SPEED 10.9
RESULTANT WIND SPEED/DIRECTION 5/280
HIGHEST WIND SPEED/DIRECTION 40/290 DATE 03/07
HIGHEST GUST SPEED/DIRECTION 56/270 DATE 03/07
SKY COVER
POSSIBLE SUNSHINE (PERCENT) MM
AVERAGE SKY COVER 0.41
NUMBER OF DAYS FAIR 48
NUMBER OF DAYS PC 26
NUMBER OF DAYS CLOUDY 18
AVERAGE RH (PERCENT) 62
WEATHER CONDITIONS. NUMBER OF DAYS WITH
THUNDERSTORM 6 MIXED PRECIP 0
HEAVY RAIN 11 RAIN 19
LIGHT RAIN 42 FREEZING RAIN 1
LT FREEZING RAIN 1 HAIL 1
HEAVY SNOW 0 SNOW 2
LIGHT SNOW 6 SLEET 0
FOG 39 FOG W/VIS <= 1/4 MILE 15
HAZE 2
- INDICATES NEGATIVE NUMBERS.
R INDICATES RECORD WAS SET OR TIED.
MM INDICATES DATA IS MISSING.
T INDICATES TRACE AMOUNT.
$$