000
CXUS51 KPBZ 011449
CLSPHD
CLIMATE REPORT
NATIONAL WEATHER SERVICE PITTSBURGH PA
1049 AM EDT WED JUN 01 2022
...................................
...THE NEW PHILADELPHIA OH CLIMATE SUMMARY FOR THE SEASON, FROM
3/1/2022 TO 5/31/2022...
CLIMATE NORMAL PERIOD 1991 TO 2020
CLIMATE RECORD PERIOD 1948 TO 2022
WEATHER OBSERVED NORMAL DEPART LAST YEAR`S
VALUE DATE(S) VALUE FROM VALUE DATE(S)
NORMAL
................................................................
TEMPERATURE (F)
RECORD
HIGH 94 05/19/1962
LOW -5 05/08/1986
HIGHEST 90 05/31 MM MM 89 05/21
05/23
05/25
LOWEST 8 03/13 MM MM 16 03/05
AVG. MAXIMUM 64.0 61.9 2.1 64.3
AVG. MINIMUM 41.2 39.7 1.5 39.2
MEAN 52.6 50.8 1.8
DAYS MAX >= 90 1 0.5 0.5 0
DAYS MAX <= 32 3 2.4 0.6 0
DAYS MIN <= 32 25 28.1 -3.1 28
DAYS MIN <= 0 0 0.0 0.0 0
PRECIPITATION (INCHES)
RECORD
MAXIMUM 16.50 1983
MINIMUM 5.72
TOTALS 10.02 10.60 -0.58 8.46
DAILY AVG. 0.11 0.12 -0.01 0.09
DAYS >= .01 47 42.5 4.5
DAYS >= .10 25 23.5 1.5
DAYS >= .50 6 6.9 -0.9
DAYS >= 1.00 2 1.8 0.2
GREATEST
24 HR. TOTAL 1.32
STORM TOTAL 1.30
(MM/DD(HH))
DEGREE DAYS
HEATING TOTAL 1218 1368 -150
SINCE 7/1 5110 5541 -431 MM
COOLING TOTAL 99 61 38
SINCE 1/1 99 62 37 MM
................................................................
WIND (MPH)
AVERAGE WIND SPEED 6.0
HIGHEST WIND SPEED/DIRECTION 29/320 DATE 03/03
HIGHEST GUST SPEED/DIRECTION 45/290 DATE 05/03
AVERAGE RH (PERCENT) 65
WEATHER CONDITIONS. NUMBER OF DAYS WITH
THUNDERSTORM 9 MIXED PRECIP 0
HEAVY RAIN 4 RAIN 20
LIGHT RAIN 44 FREEZING RAIN 0
LT FREEZING RAIN 0 HAIL 0
HEAVY SNOW 0 SNOW 3
LIGHT SNOW 9 SLEET 0
FOG 47 FOG W/VIS <= 1/4 MILE 8
HAZE 14
- INDICATES NEGATIVE NUMBERS.
R INDICATES RECORD WAS SET OR TIED.
MM INDICATES DATA IS MISSING.
T INDICATES TRACE AMOUNT.
$$