000
CXUS55 KPUB 040420 RRA
CLSPUB
CLIMATE REPORT
NATIONAL WEATHER SERVICE
920 PM MST THU DEC 03 2020
...................................
...THE PUEBLO CO CLIMATE SUMMARY FOR THE SEASON, FROM
9/1/2020 TO 11/30/2020...
CLIMATE NORMAL PERIOD 1981 TO 2010
CLIMATE RECORD PERIOD 1888 TO 2020
WEATHER OBSERVED NORMAL DEPART LAST YEAR`S
VALUE DATE(S) VALUE FROM VALUE DATE(S)
NORMAL
................................................................
TEMPERATURE (F)
RECORD
HIGH 103 09/06/2020
LOW -17 11/29/1896
HIGHEST 103R 09/06 102 09/02
09/05
LOWEST -8 10/27 -6 10/30
AVG. MAXIMUM 72.5 69.0 3.5 69.3
AVG. MINIMUM 35.3 34.8 0.5 35.7
MEAN 53.9 51.9 2.0 52.5
DAYS MAX >= 90 12
DAYS MAX <= 32 1
DAYS MIN <= 32 38
DAYS MIN <= 0 2
PRECIPITATION (INCHES)
RECORD
MAXIMUM 7.74 1957
MINIMUM 0.19 1948
TOTALS 1.41 1.96 -0.55 2.18
DAILY AVG. 0.01 0.02 -0.01
DAYS >= .01 7
DAYS >= .10 4
DAYS >= .50 0
DAYS >= 1.00 0
GREATEST
24 HR. TOTAL 0.66 10/25 TO 10/26
SNOWFALL (INCHES)
RECORDS
MAXIMUM 41.9 1991
MINIMUM 0.0 2005
TOTALS 11.9 6.0 5.9 17.0
SINCE 7/1 11.9 6.0 5.9 17.0
SNOWDEPTH AVG. 0
DAYS >= TRACE 7 3.5 3.5
DAYS >= 1.0 2 1.6 0.4
GREATEST
SNOW DEPTH 10 10/26 5
24 HR TOTAL 11.1 10/25 TO 10/26 5.2
DEGREE DAYS
HEATING TOTAL 1138 1276 -138 1372
SINCE 7/1 1138 1281 -143 1372
COOLING TOTAL 146 85 61 247
SINCE 1/1 1406 897 509 1226
................................................................
WIND (MPH)
AVERAGE WIND SPEED 7.3
HIGHEST WIND SPEED/DIRECTION 46/280 DATE 11/14
HIGHEST GUST SPEED/DIRECTION 65/320 DATE 11/14
SKY COVER
POSSIBLE SUNSHINE (PERCENT) MM
AVERAGE SKY COVER 0.12
NUMBER OF DAYS FAIR 77
NUMBER OF DAYS PC 9
NUMBER OF DAYS CLOUDY 5
AVERAGE RH (PERCENT) 45
WEATHER CONDITIONS. NUMBER OF DAYS WITH
THUNDERSTORM 1 MIXED PRECIP 2
HEAVY RAIN 1 RAIN 2
LIGHT RAIN 9 FREEZING RAIN 0
LT FREEZING RAIN 1 HAIL 0
HEAVY SNOW 2 SNOW 3
LIGHT SNOW 7 SLEET 0
FOG 10 FOG W/VIS <= 1/4 MILE 3
HAZE 26
- INDICATES NEGATIVE NUMBERS.
R INDICATES RECORD WAS SET OR TIED.
MM INDICATES DATA IS MISSING.
T INDICATES TRACE AMOUNT.
$$