000
CXUS55 KLKN 022137
CLSTPH
CLIMATE REPORT
NATIONAL WEATHER SERVICE ELKO, NV
237 PM PDT FRI JUN 02 2023
...................................
...THE TONOPAH AIRPORT NV CLIMATE SUMMARY FOR THE SEASON, FROM
3/1/2023 TO 5/31/2023...
CLIMATE NORMAL PERIOD 1991 TO 2020
CLIMATE RECORD PERIOD 1954 TO 2023
WEATHER OBSERVED NORMAL DEPART LAST YEAR`S
VALUE DATE(S) VALUE FROM VALUE DATE(S)
NORMAL
................................................................
TEMPERATURE (F)
RECORD
HIGH 96 05/28/2003
LOW 4 03/02/1971
HIGHEST 81 05/21 88 -7 90 05/26
LOWEST 15 03/02 18 -3 17 03/11
AVG. MAXIMUM 60.8 65.3 -4.5 67.2
AVG. MINIMUM 35.0 36.6 -1.6 36.1
MEAN 47.9 50.9 -3.0 51.7
DAYS MAX >= 90 0 1.2 -1.2 1
DAYS MAX <= 32 0 0.1 -0.1 0
DAYS MIN <= 32 39 33.9 5.1 MM
DAYS MIN <= 0 0 0.0 0.0 MM
PRECIPITATION (INCHES)
RECORD
MAXIMUM 4.12 1978
MINIMUM 0.05 1959
TOTALS 1.13 1.32 -0.19 0.25
DAILY AVG. T 0.01 -0.01 0.00
DAYS >= .01 12 11.2 0.8 4
DAYS >= .10 6 4.5 1.5 1
DAYS >= .50 0 0.3 -0.3 0
DAYS >= 1.00 0 0.0 0.0 0
GREATEST
24 HR. TOTAL 0.26 03/21 TO 03/22 0.23
DEGREE DAYS
HEATING TOTAL 1564 1323 241 1244
SINCE 7/1 5694 5225 469 MM
COOLING TOTAL 13 31 -18 44
SINCE 1/1 13 31 -18 MM
................................................................
WIND (MPH)
AVERAGE WIND SPEED 12.7
HIGHEST WIND SPEED/DIRECTION 39/340 DATE 04/03
HIGHEST GUST SPEED/DIRECTION 55/330 DATE 04/03
AVERAGE RH (PERCENT) 46
WEATHER CONDITIONS. NUMBER OF DAYS WITH
THUNDERSTORM 6 MIXED PRECIP 0
HEAVY RAIN 0 RAIN 0
LIGHT RAIN 8 FREEZING RAIN 0
LT FREEZING RAIN 0 HAIL 0
HEAVY SNOW 4 SNOW 6
LIGHT SNOW 9 SLEET 0
FOG 11 FOG W/VIS <= 1/4 MILE 4
HAZE 2
- INDICATES NEGATIVE NUMBERS.
R INDICATES RECORD WAS SET OR TIED.
MM INDICATES DATA IS MISSING.
T INDICATES TRACE AMOUNT.
=====================================================================
...COLDER THAN NORMAL METEORLOGICAL SPRING IN TONOPAH...
...DRIER THAN NORMAL METEORLOGICAL SPRING IN TONOPAH...
$$