000
CXUS51 KPBZ 011449
CLSZZV
CLIMATE REPORT
NATIONAL WEATHER SERVICE PITTSBURGH PA
1049 AM EDT WED JUN 01 2022
...................................
...THE ZANESVILLE OH CLIMATE SUMMARY FOR THE SEASON, FROM
3/1/2022 TO 5/31/2022...
CLIMATE NORMAL PERIOD 1991 TO 2020
CLIMATE RECORD PERIOD 1895 TO 2022
WEATHER OBSERVED NORMAL DEPART LAST YEAR`S
VALUE DATE(S) VALUE FROM VALUE DATE(S)
NORMAL
................................................................
TEMPERATURE (F)
RECORD
HIGH 98 05/28/1911
LOW -6 03/06/2015
HIGHEST 89 05/31 86 3 88 05/23
05/25
LOWEST 12 03/13 12 0 18 03/05
03/07
03/08
AVG. MAXIMUM 64.5 63.5 1.0 65.1
AVG. MINIMUM 42.4 41.0 1.4 40.3
MEAN 53.4 52.3 1.1 52.7
DAYS MAX >= 90 0 0.2 -0.2 0
DAYS MAX <= 32 1 1.9 -0.9 0
DAYS MIN <= 32 19 25.4 -6.4 27
DAYS MIN <= 0 0 0.1 -0.1 0
PRECIPITATION (INCHES)
RECORD
MAXIMUM 18.55 1945
MINIMUM 3.09 1906
TOTALS 10.88 10.89 -0.01 8.11
DAILY AVG. 0.12 0.12 0.00 0.09
DAYS >= .01 44 38.9 5.1 30
DAYS >= .10 24 24.0 0.0 17
DAYS >= .50 8 7.5 0.5 4
DAYS >= 1.00 1 1.6 -0.6 1
GREATEST
24 HR. TOTAL 1.60
STORM TOTAL 1.41
(MM/DD(HH))
DEGREE DAYS
HEATING TOTAL 1133 1251 -118 1180
SINCE 7/1 4903 5246 -343 MM
COOLING TOTAL 94 79 15 79
SINCE 1/1 94 78 16 MM
................................................................
WIND (MPH)
AVERAGE WIND SPEED 7.0
HIGHEST WIND SPEED/DIRECTION 36/280 DATE 05/03
HIGHEST GUST SPEED/DIRECTION 47/280 DATE 05/03
AVERAGE RH (PERCENT) 65
WEATHER CONDITIONS. NUMBER OF DAYS WITH
THUNDERSTORM 11 MIXED PRECIP 0
HEAVY RAIN 11 RAIN 16
LIGHT RAIN 42 FREEZING RAIN 0
LT FREEZING RAIN 0 HAIL 0
HEAVY SNOW 1 SNOW 3
LIGHT SNOW 7 SLEET 0
FOG 42 FOG W/VIS <= 1/4 MILE 5
HAZE 11
- INDICATES NEGATIVE NUMBERS.
R INDICATES RECORD WAS SET OR TIED.
MM INDICATES DATA IS MISSING.
T INDICATES TRACE AMOUNT.
$$