000
CXUS56 KLOX 171155
CF6BUR
PRELIMINARY LOCAL CLIMATOLOGICAL DATA (WS FORM: F-6)
STATION: HOLLYWOOD/BURBANK AIRPORT CA
MONTH: APRIL
YEAR: 2024
LATITUDE: 34 12 N
LONGITUDE: 118 22 W
TEMPERATURE IN F: :PCPN: SNOW: WIND :SUNSHINE: SKY :PK WND
================================================================================
1 2 3 4 5 6A 6B 7 8 9 10 11 12 13 14 15 16 17 18
12Z AVG MX 2MIN
DY MAX MIN AVG DEP HDD CDD WTR SNW DPTH SPD SPD DIR MIN PSBL S-S WX SPD DR
================================================================================
1 69 48 59 -1 6 0 T M M 6.0 14 280 M M 1 20 220
2 75 50 63 2 2 0 0.00 M M 4.7 14 220 M M 0 22 130
3 76 52 64 3 1 0 0.00 M M 5.2 14 140 M M 0 25 230
4 62 47 55 -6 10 0 0.03 M M 8.5 23 260 M M 8 30 150
5 57 44 51 -10 14 0 0.03 M M 9.5 23 250 M M 7 33 240
6 63 40 52 -9 13 0 0.00 M M 4.2 16 260 M M 0 22 80
7 65 43 54 -7 11 0 0.00 M M 4.0 13 210 M M 0 22 200
8 77 44 61 0 4 0 0.00 M M 8.6 24 10 M M 0 34 20
9 78 54 66 5 0 1 0.00 M M 7.6 16 180 M M 0 22 260
10 83 53 68 6 0 3 0.00 M M 3.7 10 180 M M 0 19 190
11 85 55 70 8 0 5 0.00 M M 4.7 10 120 M M 0 8 M M
12 59 53 56 -6 9 0 0.00 M M 8.0 15 160 M M 10 18 24 150
13 61 44 53 -9 12 0 0.35 M M 10.5 20 250 M M 9 1 30 140
14 55 43 49 -13 16 0 0.25 M M 5.2 14 170 M M 8 18 31 110
15 67 43 55 -7 10 0 0.00 M M 3.4 13 180 M M 1 18 24 180
16 82 48 65 3 0 0 0.00 M M 3.5 12 190 M M 0 M M
================================================================================
SM 1114 761 108 9 0.66 M 97.3 M 44
================================================================================
AV 69.6 47.6 6.1 FASTST M M 3 MAX(MPH)
MISC ----> 24 10 34 20
================================================================================
NOTES:
# LAST OF SEVERAL OCCURRENCES
COLUMN 17 PEAK WIND IN M.P.H.
PRELIMINARY LOCAL CLIMATOLOGICAL DATA (WS FORM: F-6) , PAGE 2
STATION: HOLLYWOOD/BURBANK AIRPORT CA
MONTH: APRIL
YEAR: 2024
LATITUDE: 34 12 N
LONGITUDE: 118 22 W
[TEMPERATURE DATA] [PRECIPITATION DATA] SYMBOLS USED IN COLUMN 16
AVERAGE MONTHLY: 58.6 TOTAL FOR MONTH: 0.66 1 = FOG OR MIST
DPTR FM NORMAL: -2.8 DPTR FM NORMAL: 0.17 2 = FOG REDUCING VISIBILITY
HIGHEST: 85 ON 11 GRTST 24HR 0.57 ON 13-14 TO 1/4 MILE OR LESS
LOWEST: 40 ON 6 3 = THUNDER
SNOW, ICE PELLETS, HAIL 4 = ICE PELLETS
TOTAL MONTH: M 5 = HAIL
GRTST 24HR M ON M 6 = FREEZING RAIN OR DRIZZLE
GRTST DEPTH: M ON M 7 = DUSTSTORM OR SANDSTORM:
VSBY 1/2 MILE OR LESS
8 = SMOKE OR HAZE
[NO. OF DAYS WITH] [WEATHER - DAYS WITH] 9 = BLOWING SNOW
X = TORNADO
MAX 32 OR BELOW: 0 0.01 INCH OR MORE: 4
MAX 90 OR ABOVE: 0 0.10 INCH OR MORE: 2
MIN 32 OR BELOW: 0 0.50 INCH OR MORE: 0
MIN 0 OR BELOW: 0 1.00 INCH OR MORE: 0
[HDD (BASE 65) ]
TOTAL THIS MO. 108 CLEAR (SCALE 0-3) 11
DPTR FM NORMAL 35 PTCLDY (SCALE 4-7) 2
TOTAL FM JUL 1 1224 CLOUDY (SCALE 8-10) 3
DPTR FM NORMAL -65
[CDD (BASE 65) ]
TOTAL THIS MO. 9
DPTR FM NORMAL -7 [PRESSURE DATA]
TOTAL FM JAN 1 9 HIGHEST SLP M ON M
DPTR FM NORMAL -35 LOWEST SLP 29.80 ON 1
[REMARKS]