000
CXUS52 KTAE 180800
CF6DHN
PRELIMINARY LOCAL CLIMATOLOGICAL DATA (WS FORM: F-6)
STATION: DOTHAN
MONTH: APRIL
YEAR: 2024
LATITUDE: 31 19 N
LONGITUDE: 85 27 W
TEMPERATURE IN F: :PCPN: SNOW: WIND :SUNSHINE: SKY :PK WND
================================================================================
1 2 3 4 5 6A 6B 7 8 9 10 11 12 13 14 15 16 17 18
12Z AVG MX 2MIN
DY MAX MIN AVG DEP HDD CDD WTR SNW DPTH SPD SPD DIR MIN PSBL S-S WX SPD DR
================================================================================
1 82 64 73 9 0 8 0.00 0.0 M 8.3 16 190 M M 5 21 180
2 82 65 74 10 0 9 T 0.0 M 12.9 25 200 M M 8 1 37 220
3 76 53 65 1 0 0 0.33 0.0 M 14.1 30 290 M M 4 13 43 230
4 70 47 59 -5 6 0 0.00 0.0 0 9.5 22 280 M M 0 33 300
5 74 43 59 -6 6 0 0.00 0.0 0 6.6 20 280 M M 0 28 310
6 73 43 58 -7 7 0 0.00 0.0 M 4.8 12 350 M M 0 16 350
7 78 45 62 -3 3 0 0.00 0.0 M 4.3 10 210 M M 0 15 190
8 80 52 66 1 0 1 0.00 0.0 0 6.6 15 180 M M 2 8 22 180
9 80 62 71 5 0 6 0.00 0.0 0 8.4 20 160 M M 3 8 26 170
10 77 63 70 4 0 5 2.62 0.0 M 11.3 25 90 M M 8 13 34 130
11 74 52 63 -3 2 0 T 0.0 M 12.8 29 280 M M 7 1 44 290
12 75 52 64 -2 1 0 0.00 0.0 M 10.9 23 300 M M 0 31 290
13 82 46 64 -2 1 0 0.00 0.0 M 6.5 17 320 M M 0 25 330
14 83 53 68 1 0 3 0.00 0.0 M 6.0 14 230 M M 0 20 220
15 83 53 68 1 0 3 0.00 0.0 0 6.3 14 200 M M 0 1 18 220
16 84 62 73 6 0 8 0.00 0.0 M 4.7 14 190 M M 3 12 20 210
17 85 63 74 6 0 9 0.00 0.0 0 6.6 17 210 M M 0 23 210
================================================================================
SM 1338 918 26 52 2.95 0.0 140.6 M 40
================================================================================
AV 78.7 54.0 8.3 FASTST M M 2 MAX(MPH)
MISC ----> 30 290 44 290
================================================================================
NOTES:
# LAST OF SEVERAL OCCURRENCES
COLUMN 17 PEAK WIND IN M.P.H.
PRELIMINARY LOCAL CLIMATOLOGICAL DATA (WS FORM: F-6) , PAGE 2
STATION: DOTHAN
MONTH: APRIL
YEAR: 2024
LATITUDE: 31 19 N
LONGITUDE: 85 27 W
[TEMPERATURE DATA] [PRECIPITATION DATA] SYMBOLS USED IN COLUMN 16
AVERAGE MONTHLY: 66.4 TOTAL FOR MONTH: 2.95 1 = FOG OR MIST
DPTR FM NORMAL: 0.8 DPTR FM NORMAL: -0.01 2 = FOG REDUCING VISIBILITY
HIGHEST: 85 ON 17 GRTST 24HR 2.62 ON 10-10 TO 1/4 MILE OR LESS
LOWEST: 43 ON 6, 5 3 = THUNDER
SNOW, ICE PELLETS, HAIL 4 = ICE PELLETS
TOTAL MONTH: 0.0 INCH 5 = HAIL
GRTST 24HR 0.0 6 = FREEZING RAIN OR DRIZZLE
GRTST DEPTH: 0 7 = DUSTSTORM OR SANDSTORM:
VSBY 1/2 MILE OR LESS
8 = SMOKE OR HAZE
[NO. OF DAYS WITH] [WEATHER - DAYS WITH] 9 = BLOWING SNOW
X = TORNADO
MAX 32 OR BELOW: 0 0.01 INCH OR MORE: 2
MAX 90 OR ABOVE: 0 0.10 INCH OR MORE: 2
MIN 32 OR BELOW: 0 0.50 INCH OR MORE: 1
MIN 0 OR BELOW: 0 1.00 INCH OR MORE: 1
[HDD (BASE 65) ]
TOTAL THIS MO. 26 CLEAR (SCALE 0-3) 11
DPTR FM NORMAL -14 PTCLDY (SCALE 4-7) 5
TOTAL FM JUL 1 1487 CLOUDY (SCALE 8-10) 1
DPTR FM NORMAL -133
[CDD (BASE 65) ]
TOTAL THIS MO. 52
DPTR FM NORMAL 2 [PRESSURE DATA]
TOTAL FM JAN 1 100 HIGHEST SLP M ON M
DPTR FM NORMAL -18 LOWEST SLP 29.55 ON 3
[REMARKS]