000
CXUS55 KPIH 221100
CF6IDA
PRELIMINARY LOCAL CLIMATOLOGICAL DATA (WS FORM: F-6)
STATION: IDAHO FALLS
MONTH: APRIL
YEAR: 2024
LATITUDE: 43 31 N
LONGITUDE: 112 4 W
TEMPERATURE IN F: :PCPN: SNOW: WIND :SUNSHINE: SKY :PK WND
================================================================================
1 2 3 4 5 6A 6B 7 8 9 10 11 12 13 14 15 16 17 18
12Z AVG MX 2MIN
DY MAX MIN AVG DEP HDD CDD WTR SNW DPTH SPD SPD DIR MIN PSBL S-S WX SPD DR
================================================================================
1 49 30 40 -2 25 0 0.00 M M 7.3 15 220 M M 5 12 22 210
2 60 27 44 2 21 0 0.00 M M 6.3 16 220 M M 0 1 28 210
3 66 31 49 7 16 0 0.00 M M 7.9 23 160 M M 0 30 160
4 66 37 52 10 13 0 0.00 M M 10.8 26 160 M M 0 43 120
5 57 31 44 2 21 0 0.02 M M 11.8 31 250 M M 4 18 43 240
6 44 29 37 -5 28 0 0.02 M M 15.6 25 210 M M 7 1 34 210
7 45 31 38 -5 27 0 T M M 14.3 23 210 M M 9 1 28 210
8 49 31 40 -3 25 0 0.00 M M 9.2 20 210 M M 5 28 210
9 59 30 45 2 20 0 T M M 12.2 28 230 M M 4 38 35 240
10 59 25 42 -1 23 0 0.00 M M 5.6 16 190 M M 1 21 200
11 65 32 49 6 16 0 0.00 M M 8.9 20 220 M M 0 28 210
12 74 35 55 11 10 0 0.00 M M 7.1 21 310 M M 1 26 320
13 75 33 54 10 11 0 0.00 M M 6.8 21 230 M M 1 27 230
14 71 33 52 8 13 0 0.00 M M 9.2 23 260 M M 1 35 280
15 58 41 50 6 15 0 T M M 11.2 21 230 M M 8 28 250
16 59 38 49 5 16 0 0.00 M M 20.6 36 220 M M 4 8 47 210
17 45 28 37 -8 28 0 T M M 10.3 21 220 M M 9 1 28 240
18 50 18 34 -11 31 0 0.00 M M 5.9 17 20 M M 1 23 20
19 55 23 39 -6 26 0 0.00 M M 10.0 21 30 M M 0 27 20
20 61 25 43 -2 22 0 0.00 M M 6.2 13 10 M M 0 18 360
21 71 30 51 5 14 0 0.00 M M 16.4 36 240 M M 2 8 57 260
================================================================================
SM 1238 638 421 0 0.04 M 213.6 M 62
================================================================================
AV 59.0 30.4 10.2 FASTST M M 3 MAX(MPH)
MISC ----> # 36 220 57 260
================================================================================
NOTES:
# LAST OF SEVERAL OCCURRENCES
COLUMN 17 PEAK WIND IN M.P.H.
PRELIMINARY LOCAL CLIMATOLOGICAL DATA (WS FORM: F-6) , PAGE 2
STATION: IDAHO FALLS
MONTH: APRIL
YEAR: 2024
LATITUDE: 43 31 N
LONGITUDE: 112 4 W
[TEMPERATURE DATA] [PRECIPITATION DATA] SYMBOLS USED IN COLUMN 16
AVERAGE MONTHLY: 44.7 TOTAL FOR MONTH: 0.04 1 = FOG OR MIST
DPTR FM NORMAL: 1.2 DPTR FM NORMAL: -0.65 2 = FOG REDUCING VISIBILITY
HIGHEST: 75 ON 13 GRTST 24HR 0.35 ON 31- 1 TO 1/4 MILE OR LESS
LOWEST: 18 ON 18 3 = THUNDER
SNOW, ICE PELLETS, HAIL 4 = ICE PELLETS
TOTAL MONTH: M 5 = HAIL
GRTST 24HR M ON M 6 = FREEZING RAIN OR DRIZZLE
GRTST DEPTH: M ON M 7 = DUSTSTORM OR SANDSTORM:
VSBY 1/2 MILE OR LESS
8 = SMOKE OR HAZE
[NO. OF DAYS WITH] [WEATHER - DAYS WITH] 9 = BLOWING SNOW
X = TORNADO
MAX 32 OR BELOW: 0 0.01 INCH OR MORE: 2
MAX 90 OR ABOVE: 0 0.10 INCH OR MORE: 0
MIN 32 OR BELOW: 15 0.50 INCH OR MORE: 0
MIN 0 OR BELOW: 0 1.00 INCH OR MORE: 0
[HDD (BASE 65) ]
TOTAL THIS MO. 421 CLEAR (SCALE 0-3) 12
DPTR FM NORMAL -32 PTCLDY (SCALE 4-7) 7
TOTAL FM JUL 1 6169 CLOUDY (SCALE 8-10) 2
DPTR FM NORMAL -917
[CDD (BASE 65) ]
TOTAL THIS MO. 0
DPTR FM NORMAL 0 [PRESSURE DATA]
TOTAL FM JAN 1 0 HIGHEST SLP M ON M
DPTR FM NORMAL 0 LOWEST SLP 29.37 ON 5
[REMARKS]