000
CXUS56 KFGZ 190910
CF6PGA
PRELIMINARY LOCAL CLIMATOLOGICAL DATA (WS FORM: F-6)
STATION: PAGE AZ AIRPORT
MONTH: APRIL
YEAR: 2024
LATITUDE: 36 55 N
LONGITUDE: 111 27 W
TEMPERATURE IN F: :PCPN: SNOW: WIND :SUNSHINE: SKY :PK WND
================================================================================
1 2 3 4 5 6A 6B 7 8 9 10 11 12 13 14 15 16 17 18
12Z AVG MX 2MIN
DY MAX MIN AVG DEP HDD CDD WTR SNW DPTH SPD SPD DIR MIN PSBL S-S WX SPD DR
================================================================================
1 59 40 50 -6 15 0 0.00 M M 5.1 22 330 M M M 31 340
2 69 43 56 0 9 0 0.00 M M 4.3 12 340 M M M 22 20
3 74 46 60 4 5 0 0.00 M M 3.1 12 40 M M M 17 40
4 79 50 65 8 0 0 0.00 M M 9.9 29 190 M M M 45 190
5 64 40 52 -5 13 0 0.00 M M 15.2 31 170 M M M 48 210
6 56 39 48 -9 17 0 0.00 M M 10.2 21 280 M M M 37 280
7 63 38 51 -6 14 0 0.00 M M 3.9 13 320 M M M 20 300
8 61 45 53 -5 12 0 0.00 M M 7.4 18 40 M M M 27 60
9 68 43 56 -2 9 0 0.00 M M 4.8 14 300 M M M 22 300
10 73 47 60 2 5 0 0.00 M M 3.0 12 80 M M 0 19 290
11 78 48 63 5 2 0 0.00 M M 3.4 12 50 M M 0 15 50
12 83 50 67 9 0 2 0.00 M M 6.5 26 170 M M 0 37 170
13 78 57 68 9 0 3 0.00 M M 7.4 18 170 M M 0 8 25 180
14 76 54 65 6 0 0 0.00 M M 10.6 23 200 M M 1 39 150
15 63 47 55 -4 10 0 0.00 M M 9.2 25 310 M M 6 41 290
16 75 45 60 1 5 0 0.00 M M 4.6 12 120 M M 0 17 50
17 82 52 67 7 0 2 0.00 M M 6.9 20 290 M M 0 34 300
18 83 55 69 9 0 4 0.00 M M 5.8 15 280 M M 0 28 280
================================================================================
SM 1284 839 116 11 0.00 M 121.3 M 7
================================================================================
AV 71.3 46.6 6.7 FASTST M M 1 MAX(MPH)
MISC ----> 31 170 48 210
================================================================================
NOTES:
# LAST OF SEVERAL OCCURRENCES
COLUMN 17 PEAK WIND IN M.P.H.
PRELIMINARY LOCAL CLIMATOLOGICAL DATA (WS FORM: F-6) , PAGE 2
STATION: PAGE AZ AIRPORT
MONTH: APRIL
YEAR: 2024
LATITUDE: 36 55 N
LONGITUDE: 111 27 W
[TEMPERATURE DATA] [PRECIPITATION DATA] SYMBOLS USED IN COLUMN 16
AVERAGE MONTHLY: 59.0 TOTAL FOR MONTH: 0.00 1 = FOG OR MIST
DPTR FM NORMAL: 1.1 DPTR FM NORMAL: -0.22 2 = FOG REDUCING VISIBILITY
HIGHEST: 83 ON 18,12 GRTST 24HR 0.00 ON 1- 1 TO 1/4 MILE OR LESS
LOWEST: 38 ON 7 3 = THUNDER
SNOW, ICE PELLETS, HAIL 4 = ICE PELLETS
TOTAL MONTH: M 5 = HAIL
GRTST 24HR M ON M 6 = FREEZING RAIN OR DRIZZLE
GRTST DEPTH: M ON M 7 = DUSTSTORM OR SANDSTORM:
VSBY 1/2 MILE OR LESS
8 = SMOKE OR HAZE
[NO. OF DAYS WITH] [WEATHER - DAYS WITH] 9 = BLOWING SNOW
X = TORNADO
MAX 32 OR BELOW: 0 0.01 INCH OR MORE: 0
MAX 90 OR ABOVE: 0 0.10 INCH OR MORE: 0
MIN 32 OR BELOW: 0 0.50 INCH OR MORE: 0
MIN 0 OR BELOW: 0 1.00 INCH OR MORE: 0
[HDD (BASE 65) ]
TOTAL THIS MO. 116 CLEAR (SCALE 0-3) 8
DPTR FM NORMAL -19 PTCLDY (SCALE 4-7) 1
TOTAL FM JUL 1 3101 CLOUDY (SCALE 8-10) 9
DPTR FM NORMAL -443
[CDD (BASE 65) ]
TOTAL THIS MO. 11
DPTR FM NORMAL 7 [PRESSURE DATA]
TOTAL FM JAN 1 11 HIGHEST SLP M ON M
DPTR FM NORMAL 5 LOWEST SLP 29.45 ON 5
[REMARKS]