000
CXUS54 KFWD 180734
CF6SEP
PRELIMINARY LOCAL CLIMATOLOGICAL DATA (WS FORM: F-6)
STATION: STEPHENVILLE
MONTH: APRIL
YEAR: 2024
LATITUDE: 32 13 N
LONGITUDE: 98 11 W
TEMPERATURE IN F: :PCPN: SNOW: WIND :SUNSHINE: SKY :PK WND
================================================================================
1 2 3 4 5 6A 6B 7 8 9 10 11 12 13 14 15 16 17 18
12Z AVG MX 2MIN
DY MAX MIN AVG DEP HDD CDD WTR SNW DPTH SPD SPD DIR MIN PSBL S-S WX SPD DR
================================================================================
1 79 63 71 12 0 6 0.39 M M 11.8 16 170 M M 6 30 270
2 63 48 56 -4 9 0 0.00 M M 10.5 21 330 M M 4 31 330
3 73 46 60 0 5 0 0.00 M M 7.9 17 320 M M 0 21 320
4 83 46 65 5 0 0 0.00 M M 2.6 8 180 M M 0 M M
5 84 57 71 11 0 6 0.00 M M 8.0 21 180 M M 0 29 180
6 76 58 67 6 0 2 0.00 M M 14.1 21 180 M M 5 29 180
7 77 50 64 3 1 0 0.00 M M 5.8 10 210 M M 0 18 280
8 80 52 66 5 0 1 0.00 M M 5.4 12 170 M M 3 20 180
9 70 61 66 4 0 1 0.10 M M 7.9 14 60 M M 10 21 50
10 64 50 57 -5 8 0 0.17 M M 9.9 24 340 M M 6 32 340
11 73 48 61 -1 4 0 0.00 M M 7.3 17 340 M M 0 21 340
12 79 46 63 1 2 0 0.00 M M 6.5 15 180 M M 0 22 180
13 81 55 68 5 0 3 0.00 M M 10.3 20 170 M M 0 28 170
14 85 63 74 11 0 9 0.00 M M 10.5 16 170 M M 1 21 200
15 79 68 74 11 0 9 0.00 M M 12.0 21 150 M M 8 28 150
16 85 64 75 11 0 10 0.02 M M 7.4 20 190 M M 3 26 190
17 84 69 77 13 0 12 0.00 M M 6.4 17 150 M M 4 23 150
================================================================================
SM 1315 944 29 59 0.68 M 144.1 M 50
================================================================================
AV 77.4 55.5 8.5 FASTST M M 3 MAX(MPH)
MISC ----> 24 340 32 340
================================================================================
NOTES:
# LAST OF SEVERAL OCCURRENCES
COLUMN 17 PEAK WIND IN M.P.H.
PRELIMINARY LOCAL CLIMATOLOGICAL DATA (WS FORM: F-6) , PAGE 2
STATION: STEPHENVILLE
MONTH: APRIL
YEAR: 2024
LATITUDE: 32 13 N
LONGITUDE: 98 11 W
[TEMPERATURE DATA] [PRECIPITATION DATA] SYMBOLS USED IN COLUMN 16
AVERAGE MONTHLY: 66.4 TOTAL FOR MONTH: 0.68 1 = FOG OR MIST
DPTR FM NORMAL: 4.9 DPTR FM NORMAL: -0.55 2 = FOG REDUCING VISIBILITY
HIGHEST: 85 ON 16,14 GRTST 24HR 0.39 ON 1- 1 TO 1/4 MILE OR LESS
LOWEST: 46 ON 12, 4 3 = THUNDER
SNOW, ICE PELLETS, HAIL 4 = ICE PELLETS
TOTAL MONTH: M 5 = HAIL
GRTST 24HR M ON M 6 = FREEZING RAIN OR DRIZZLE
GRTST DEPTH: M ON M 7 = DUSTSTORM OR SANDSTORM:
VSBY 1/2 MILE OR LESS
8 = SMOKE OR HAZE
[NO. OF DAYS WITH] [WEATHER - DAYS WITH] 9 = BLOWING SNOW
X = TORNADO
MAX 32 OR BELOW: 0 0.01 INCH OR MORE: 4
MAX 90 OR ABOVE: 0 0.10 INCH OR MORE: 2
MIN 32 OR BELOW: 0 0.50 INCH OR MORE: 0
MIN 0 OR BELOW: 0 1.00 INCH OR MORE: 0
[HDD (BASE 65) ]
TOTAL THIS MO. 29 CLEAR (SCALE 0-3) 9
DPTR FM NORMAL -61 PTCLDY (SCALE 4-7) 7
TOTAL FM JUL 1 1932 CLOUDY (SCALE 8-10) 1
DPTR FM NORMAL -734
[CDD (BASE 65) ]
TOTAL THIS MO. 59
DPTR FM NORMAL 29 [PRESSURE DATA]
TOTAL FM JAN 1 118 HIGHEST SLP M ON M
DPTR FM NORMAL 68 LOWEST SLP M ON M
[REMARKS]