000
CXUS54 KEWX 291010
CF6UVA
PRELIMINARY LOCAL CLIMATOLOGICAL DATA (WS FORM: F-6)
STATION: UVALDE
MONTH: MARCH
YEAR: 2024
LATITUDE: 29 12 N
LONGITUDE: 99 44 W
TEMPERATURE IN F: :PCPN: SNOW: WIND :SUNSHINE: SKY :PK WND
================================================================================
1 2 3 4 5 6A 6B 7 8 9 10 11 12 13 14 15 16 17 18
12Z AVG MX 2MIN
DY MAX MIN AVG DEP HDD CDD WTR SNW DPTH SPD SPD DIR MIN PSBL S-S WX SPD DR
================================================================================
1 76 34 55 M 10 0 0.00 M M 3.0 9 200 M M 0 M M
2 83 45 64 M 1 0 0.00 M M 6.2 13 120 M M 0 16 180
3 75 59 67 M 0 2 0.00 M M 5.8 8 140 M M 6 M M
4 79 62 71 M 0 6 0.00 M M 4.8 10 170 M M 6 M M
5 88 50 69 M 0 4 0.00 M M 1.4 8 240 M M 0 M M
6 87 55 71 M 0 6 0.00 M M 10.9 17 150 M M 0 23 160
7 79 67 73 M 0 8 0.00 M M 9.7 15 130 M M 6 21 130
8 81 55 68 M 0 3 0.00 M M 12.8 21 310 M M 1 29 300
9 65 46 56 M 9 0 0.00 M M 10.0 15 360 M M 2 24 360
10 66 46 56 M 9 0 0.00 M M 4.5 8 140 M M 2 M M
11 77 44 61 M 4 0 0.00 M M 7.9 15 140 M M 2 18 140
12 78 61 70 M 0 5 0.00 M M 8.8 13 150 M M 7 18 140
13 91 60 76 M 0 11 0.00 M M 6.7 15 120 M M 4 24 110
14 82 69 76 M 0 11 0.00 M M 8.0 14 120 M M 5 1 18 90
15 85 66 76 M 0 11 0.00 M M 12.0 22 70 M M 8 1 30 70
16 73 63 68 M 0 3 0.00 M M 7.5 16 60 M M 8 13 21 60
17 68 57 63 M 2 0 0.00 M M 7.1 13 50 M M 9 1 26 80
18 65 49 57 M 8 0 0.00 M M 5.7 17 40 M M 9 26 40
19 61 48 55 M 10 0 0.00 M M 6.9 12 150 M M 9 M M
20 63 49 56 M 9 0 0.00 M M 4.8 8 90 M M 10 1 M M
21 82 57 70 M 0 5 0.00 M M 3.6 10 180 M M 7 1 25 290
22 91 56 74 M 0 9 0.00 M M 7.2 14 30 M M 3 12 28 30
23 78 50 64 M 1 0 0.00 M M 7.0 15 110 M M 1 20 130
24 79 58 69 M 0 4 0.00 M M 12.0 16 150 M M 8 22 110
25 81 56 69 M 0 4 0.00 M M 9.3 22 310 M M 3 30 310
26 77 53 65 M 0 0 0.00 M M 7.0 12 310 M M 0 21 260
27 75 51 63 M 2 0 0.00 M M 6.8 14 150 M M 4 20 170
28 84 45 65 M 0 0 M M M 8.3 15 170 M M 0 25 200
================================================================================
SM 2169 1511 65 92 0.00 M 205.8 M 120
================================================================================
AV 77.5 54.0 7.3 FASTST M M 4 MAX(MPH)
MISC ----> # 22 70 # 30 70
================================================================================
NOTES:
# LAST OF SEVERAL OCCURRENCES
COLUMN 17 PEAK WIND IN M.P.H.
PRELIMINARY LOCAL CLIMATOLOGICAL DATA (WS FORM: F-6) , PAGE 2
STATION: UVALDE
MONTH: MARCH
YEAR: 2024
LATITUDE: 29 12 N
LONGITUDE: 99 44 W
[TEMPERATURE DATA] [PRECIPITATION DATA] SYMBOLS USED IN COLUMN 16
AVERAGE MONTHLY: 65.7 TOTAL FOR MONTH: 0.00 1 = FOG OR MIST
DPTR FM NORMAL: 0.0 DPTR FM NORMAL: 0.00 2 = FOG REDUCING VISIBILITY
HIGHEST: 91 ON 22,13 GRTST 24HR 0.00 ON 1- 1 TO 1/4 MILE OR LESS
LOWEST: 34 ON 1 3 = THUNDER
SNOW, ICE PELLETS, HAIL 4 = ICE PELLETS
TOTAL MONTH: M 5 = HAIL
GRTST 24HR M ON M 6 = FREEZING RAIN OR DRIZZLE
GRTST DEPTH: M ON M 7 = DUSTSTORM OR SANDSTORM:
VSBY 1/2 MILE OR LESS
8 = SMOKE OR HAZE
[NO. OF DAYS WITH] [WEATHER - DAYS WITH] 9 = BLOWING SNOW
X = TORNADO
MAX 32 OR BELOW: 0 0.01 INCH OR MORE: 0
MAX 90 OR ABOVE: 2 0.10 INCH OR MORE: 0
MIN 32 OR BELOW: 0 0.50 INCH OR MORE: 0
MIN 0 OR BELOW: 0 1.00 INCH OR MORE: 0
[HDD (BASE 65) ]
TOTAL THIS MO. 65 CLEAR (SCALE 0-3) 12
DPTR FM NORMAL M PTCLDY (SCALE 4-7) 12
TOTAL FM JUL 1 1221 CLOUDY (SCALE 8-10) 4
DPTR FM NORMAL M
[CDD (BASE 65) ]
TOTAL THIS MO. 92
DPTR FM NORMAL M [PRESSURE DATA]
TOTAL FM JAN 1 126 HIGHEST SLP M ON M
DPTR FM NORMAL M LOWEST SLP M ON M
[REMARKS]