000
CXUS56 KLOX 011630
CLMLGB
CLIMATE REPORT
NATIONAL WEATHER SERVICE LOS ANGELES/OXNARD
930 AM PDT MON APR 01 2024
...................................
...THE LONG BEACH AIRPORT CA CLIMATE SUMMARY FOR THE MONTH OF MARCH 2024...
CLIMATE NORMAL PERIOD: 1991 TO 2020
CLIMATE RECORD PERIOD: 1958 TO 2024
WEATHER OBSERVED NORMAL DEPART LAST YEAR`S
VALUE DATE(S) VALUE FROM VALUE
NORMAL
..............................................................
TEMPERATURE (F)
HIGHEST 75 03/18
LOWEST 48 03/25
AVG. MAXIMUM 68.8 68.6 0.2
AVG. MINIMUM 53.2 51.2 2.0
MEAN 61.0 59.9 1.1
DAYS MAX >= 90 0
DAYS MAX <= 32 0
DAYS MIN <= 32 0
DAYS MIN <= 0 0
PRECIPITATION (INCHES)
TOTALS 3.24 1.65 1.59
DAILY AVG. 0.13
DAYS >= .01 5
DAYS >= .10 4
DAYS >= .50 2
DAYS >= 1.00 1
GREATEST
24 HR. TOTAL 1.97 03/29 TO 03/30
STORM TOTAL 1.86
DEGREE DAYS
HEATING TOTAL 94 169 -75 192
SINCE 7/1 632 1026 -394 MM
COOLING TOTAL 0 11 -11 0
SINCE 1/1 12 21 -9 MM
..............................................................
WIND (MPH)
AVERAGE WIND SPEED 5.7
HIGHEST WIND SPEED/DIRECTION 30/290 DATE 03/24
HIGHEST GUST SPEED/DIRECTION 43/290 DATE 03/24
SKY COVER
POSSIBLE SUNSHINE (PERCENT) MM
AVERAGE SKY COVER 0.33
NUMBER OF DAYS FAIR 19
NUMBER OF DAYS PC 8
NUMBER OF DAYS CLOUDY 4
AVERAGE RH (PERCENT) 65
WEATHER CONDITIONS. NUMBER OF DAYS WITH
THUNDERSTORM 0 MIXED PRECIP 0
HEAVY RAIN 3 RAIN 7
LIGHT RAIN 10 FREEZING RAIN 0
LT FREEZING RAIN 0 HAIL 0
HEAVY SNOW 0 SNOW 0
LIGHT SNOW 0 SLEET 0
FOG 10 FOG W/VIS <= 1/4 MILE 1
HAZE 4
- INDICATES NEGATIVE NUMBERS.
R INDICATES RECORD WAS SET OR TIED.
MM INDICATES DATA IS MISSING.
T INDICATES TRACE AMOUNT.
$$