000
CXUS51 KPBZ 011352
CLMPHD
CLIMATE REPORT
NATIONAL WEATHER SERVICE PITTSBURGH PA
952 AM EDT MON APR 01 2024
...................................
...THE NEW PHILADELPHIA OH CLIMATE SUMMARY FOR THE MONTH OF MARCH 2024...
CLIMATE NORMAL PERIOD 1991 TO 2020
CLIMATE RECORD PERIOD 1948 TO 2024
WEATHER OBSERVED NORMAL DEPART LAST YEAR`S
VALUE DATE(S) VALUE FROM VALUE DATE(S)
NORMAL
................................................................
TEMPERATURE (F)
RECORD
HIGH 85 03/22/2012
LOW -5 03/08/1986
03/09/1984
HIGHEST 74 03/05 74 0 72 03/01
LOWEST 20 03/21 10 10 18 03/19
AVG. MAXIMUM 55.6 50.0 5.6 51.4
AVG. MINIMUM 34.5 30.0 4.5 30.0
MEAN 45.1 40.0 5.1 40.7
DAYS MAX >= 90 0 0.0 0.0 0
DAYS MAX <= 32 0 2.3 -2.3 1
DAYS MIN <= 32 13 20.1 -7.1 22
DAYS MIN <= 0 0 0.0 0.0 0
PRECIPITATION (INCHES)
RECORD
MAXIMUM 8.10 1964
MINIMUM 0.99
TOTALS 2.91 3.05 -0.14 4.00
DAILY AVG. 0.09 0.10 -0.01 0.13
DAYS >= .01 13 12.7 0.3 14
DAYS >= .10 8 6.5 1.5 8
DAYS >= .50 1 2.2 -1.2 3
DAYS >= 1.00 1 0.6 0.4 1
GREATEST
24 HR. TOTAL 1.07 03/26 TO 03/27 1.17
DEGREE DAYS
HEATING TOTAL 609 776 -167
SINCE 7/1 4131 4950 -819 MM
COOLING TOTAL 0 1 -1
SINCE 1/1 0 1 -1 MM
................................................................
WIND (MPH)
AVERAGE WIND SPEED 6.6
HIGHEST WIND SPEED/DIRECTION 25/340 DATE 03/20
HIGHEST GUST SPEED/DIRECTION 45/200 DATE 03/14
AVERAGE RH (PERCENT) 69
WEATHER CONDITIONS. NUMBER OF DAYS WITH
THUNDERSTORM 3 MIXED PRECIP 0
HEAVY RAIN 0 RAIN 5
LIGHT RAIN 15 FREEZING RAIN 0
LT FREEZING RAIN 0 HAIL 0
HEAVY SNOW 1 SNOW 1
LIGHT SNOW 4 SLEET 0
FOG 18 FOG W/VIS <= 1/4 MILE 3
HAZE 1
- INDICATES NEGATIVE NUMBERS.
R INDICATES RECORD WAS SET OR TIED.
MM INDICATES DATA IS MISSING.
T INDICATES TRACE AMOUNT.
$$