000
CXUS51 KRLX 011539
CLSCKB


CLIMATE REPORT
NATIONAL WEATHER SERVICE CHARLESTON WV
1137 AM EDT SUN SEP 1 2019

...................................

...THE CLARKSBURG WV CLIMATE SUMMARY FOR THE SEASON, FROM
6/1/2019 TO 8/31/2019...

CLIMATE NORMAL PERIOD 1981 TO 2010
CLIMATE RECORD PERIOD 1922 TO 2019

WEATHER         OBSERVED          NORMAL  DEPART  LAST YEAR`S
                 VALUE   DATE(S)  VALUE   FROM    VALUE
                                          NORMAL
.............................................................
TEMPERATURE (F)
RECORD
 HIGH             102   MM
 LOW               44   06/07/2018
HIGHEST            94   07/21                         95
LOWEST             45   06/04                         44
AVG. MAXIMUM     84.6              81.8     2.8     84.5
AVG. MINIMUM     63.0              60.7     2.3     64.0
MEAN             73.8              71.3     2.5     74.2
DAYS MAX >= 90     19               5.7    13.3       16
DAYS MAX <= 32      0               0.0     0.0        0
DAYS MIN <= 32      0               0.0     0.0        0
DAYS MIN <= 0       0               0.0     0.0        0

PRECIPITATION (INCHES)
RECORD
 MAXIMUM        21.60   2013
 MINIMUM         5.22   1930
TOTALS          13.74             13.68    0.06    12.49
DAILY AVG.       0.15              0.15    0.00     0.14
DAYS >= .01        41                MM      MM       44
DAYS >= .10        28                MM      MM       32
DAYS >= .50        11                MM      MM        6
DAYS >= 1.00        2                MM      MM        1
GREATEST
 24 HR. TOTAL    1.49   MM

DEGREE_DAYS
HEATING TOTAL      16                29     -13       16
 SINCE 7/1          0                 7      -7        0
COOLING TOTAL     858               607     251      894
 SINCE 1/1       1037               662     375     1120
..............................................................

WIND (MPH)
AVERAGE WIND SPEED              4.4
HIGHEST WIND SPEED/DIRECTION    32/240    DATE  06/02
HIGHEST GUST SPEED/DIRECTION    47/250    DATE  06/02

SKY COVER
POSSIBLE SUNSHINE (PERCENT)   MM
AVERAGE SKY COVER           0.30
NUMBER OF DAYS FAIR           55
NUMBER OF DAYS PC             32
NUMBER OF DAYS CLOUDY          5

AVERAGE RH (PERCENT)     68

-  INDICATES NEGATIVE NUMBERS.
R  INDICATES RECORD WAS SET OR TIED.
MM INDICATES DATA IS MISSING.
T  INDICATES TRACE AMOUNT.

$$
