000
CXUS51 KRNK 030257 CCA
CLSDAN

CLIMATE REPORT...CORRECTED
NATIONAL WEATHER SERVICE BLACKSBURG VA
913 AM EDT SUN SEP 1 2019

...................................

...THE DANVILLE VA CLIMATE SUMMARY FOR THE SEASON, FROM
6/1/2019 TO 8/31/2019...

CLIMATE NORMAL PERIOD 1981 TO 2010
CLIMATE RECORD PERIOD 1916 TO 2019

WEATHER         OBSERVED          NORMAL  DEPART  LAST YEAR`S
                 VALUE   DATE(S)  VALUE   FROM    VALUE
                                          NORMAL
.............................................................
TEMPERATURE (F)
RECORD
 HIGH             107   08/31/1932
                        08/06/1918
 LOW               40   06/11/1977
HIGHEST            98   07/20                         94
LOWEST             49   06/04                         52
AVG. MAXIMUM     87.4              86.2     1.2     87.0
AVG. MINIMUM     65.5              67.2    -1.7     66.1
MEAN             76.4              76.7    -0.3     76.5
DAYS MAX >= 90     44              25.6    18.4       26
DAYS MAX <= 32      0               0.0     0.0        0
DAYS MIN <= 32      0               0.0     0.0        0
DAYS MIN <= 0       0               0.0     0.0        0

PRECIPITATION (INCHES)
RECORD
 MAXIMUM        22.94   1995
 MINIMUM         6.76   2007
TOTALS          12.29             12.41   -0.12    15.48
DAILY AVG.       0.13              0.13    0.00     0.17
DAYS >= .01        32              29.3     2.7       35
DAYS >= .10        22              19.7     2.3       24
DAYS >= .50         6               8.4    -2.4       12
DAYS >= 1.00        4               3.1     0.9        7
GREATEST
 24 HR. TOTAL    1.74                               1.50

SNOWFALL (INCHES)
TOTALS            0.0                                0.0
DAYS >= TRACE       0                                  0
DAYS >= 1.0         0                                  0
GREATEST
 24 HR TOTAL      0.0                                0.0

DEGREE_DAYS
HEATING TOTAL       1                 3      -2        0
COOLING TOTAL    1077              1082      -5     1084
..............................................................

WIND (MPH)
AVERAGE WIND SPEED              4.3
HIGHEST WIND SPEED/DIRECTION    35/260    DATE  08/07
HIGHEST GUST SPEED/DIRECTION    46/250    DATE  08/07

SKY COVER
AVERAGE SKY COVER           0.30

AVERAGE RH (PERCENT)     73

WEATHER CONDITIONS. NUMBER OF DAYS WITH:
THUNDERSTORM             28     MIXED PRECIP                 0
HEAVY RAIN               21     RAIN                        22
LIGHT RAIN               38     FREEZING RAIN                0
LIGHT FREEZING RAIN       0     HAIL                         0
HEAVY SNOW                0     SNOW                         0
LIGHT SNOW                0     SLEET                        0
FOG                      49     FOG W/VIS <= 1/4 MILE        9
HAZE                      0


-  INDICATES NEGATIVE NUMBERS.
R  INDICATES RECORD WAS SET OR TIED.
MM INDICATES DATA IS MISSING.
T  INDICATES TRACE AMOUNT.

$$

RAB
