000
CXUS53 KDDC 021731
CLSGCK


CLIMATE REPORT
NATIONAL WEATHER SERVICE DODGE CITY KS
1123 AM CST MON DEC 2 2019

...................................

...THE GARDEN CITY REGIONAL ARPT KS CLIMATE SUMMARY FOR THE SEASON, FROM
9/1/2019 TO 11/30/2019...

CLIMATE NORMAL PERIOD 1981 TO 2010
CLIMATE RECORD PERIOD 1948 TO 2019

WEATHER         OBSERVED          NORMAL  DEPART  LAST YEAR`S
                 VALUE   DATE(S)  VALUE   FROM    VALUE  DATE(S)
                                          NORMAL
................................................................
TEMPERATURE (F)
RECORD
 HIGH             106   09/01/2011
 LOW               -5   11/28/1976
HIGHEST           100   09/07        MM      MM       95  10/03
LOWEST                  11/12        MM      MM        3  11/13
AVG. MAXIMUM     69.7              69.1     0.6     65.2
AVG. MINIMUM     39.5              41.1    -1.6     40.0
MEAN             54.6              55.1    -0.5     52.6
DAYS MAX >= 90     19               8.4    10.6        8
DAYS MAX <= 32      5               1.4     3.6        1
DAYS MIN <= 32     41              25.6    15.4       29
DAYS MIN <= 0       1               0.0     1.0        0

PRECIPITATION (INCHES)
RECORD
 MAXIMUM        10.58   1969
 MINIMUM         0.26   2016
TOTALS           1.10              3.30   -2.20     4.57
DAILY AVG.       0.01              0.04   -0.03     0.05
DAYS >= .01         6              14.8    -8.8       19
DAYS >= .10         4               7.1    -3.1        9
DAYS >= .50         0               1.9    -1.9        2
DAYS >= 1.00        0               0.5    -0.5        1
GREATEST
 24 HR. TOTAL    0.37   10/04 TO 10/04           10/07 TO 10/08

DEGREE_DAYS
HEATING TOTAL    1275              1085     190     1297
 SINCE 7/1       1275              1089     186     1299
COOLING TOTAL     346               183     163      187
 SINCE 1/1       1424              1298     126     1462
.................................................................

WIND (MPH)
AVERAGE WIND SPEED              13.4
RESULTANT WIND SPEED/DIRECTION   2/156
HIGHEST WIND SPEED/DIRECTION    44/330    DATE  11/30
HIGHEST GUST SPEED/DIRECTION    62/010    DATE  10/18

SKY COVER
POSSIBLE SUNSHINE (PERCENT)   MM
AVERAGE SKY COVER           0.20
NUMBER OF DAYS FAIR           67
NUMBER OF DAYS PC             17
NUMBER OF DAYS CLOUDY          7

AVERAGE RH (PERCENT)     60

WEATHER CONDITIONS. NUMBER OF DAYS WITH
THUNDERSTORM              5     MIXED PRECIP                0
HEAVY RAIN                1     RAIN                        2
LIGHT RAIN                5     FREEZING RAIN               0
LT FREEZING RAIN          0     HAIL                        0
HEAVY SNOW                1     SNOW                        2
LIGHT SNOW                5     SLEET                       0
FOG                      18     FOG W/VIS <= 1/4 MILE       6
HAZE                      9     BLOWING SNOW                0
TORNADO                   0

-  INDICATES NEGATIVE NUMBERS.
R  INDICATES RECORD WAS SET OR TIED.
MM INDICATES DATA IS MISSING.
T  INDICATES TRACE AMOUNT.

$$
