000
CXUS53 KDDC 031717
CLSGCK


CLIMATE REPORT
NATIONAL WEATHER SERVICE DODGE CITY KS
1210 PM CDT TUE SEP 3 2019

...................................

...THE GARDEN CITY REGIONAL ARPT KS CLIMATE SUMMARY FOR THE SEASON, FROM
6/1/2019 TO 8/31/2019...

CLIMATE NORMAL PERIOD 1981 TO 2010
CLIMATE RECORD PERIOD 1948 TO 2019

WEATHER         OBSERVED          NORMAL  DEPART  LAST YEAR`S
                 VALUE   DATE(S)  VALUE   FROM    VALUE  DATE(S)
                                          NORMAL
................................................................
TEMPERATURE (F)
RECORD
 HIGH             110   06/08/1985
                        07/11/1954
                        06/24/1953
 LOW               38   06/10/2019
HIGHEST           103   08/20        MM      MM      103  06/10
                        07/31
                        07/19
LOWEST             38R  06/10        MM      MM       49  06/03
AVG. MAXIMUM     89.7              89.2     0.5     90.1
AVG. MINIMUM     62.0              62.7    -0.7     62.9
MEAN             75.8              75.9    -0.1     76.5
DAYS MAX >= 90     45              47.2    -2.2       52
DAYS MAX <= 32      0               0.0     0.0        0
DAYS MIN <= 32      0               0.0     0.0        0
DAYS MIN <= 0       0               0.0     0.0        0

PRECIPITATION (INCHES)
RECORD
 MAXIMUM        18.27   1979
 MINIMUM         2.00   1964
TOTALS           4.09              8.71   -4.62    15.53
DAILY AVG.       0.05              0.09   -0.04     0.17
DAYS >= .01        29              25.6     3.4       29
DAYS >= .10        13              16.4    -3.4       20
DAYS >= .50         1               6.3    -5.3       11
DAYS >= 1.00        0               2.3    -2.3        6
GREATEST
 24 HR. TOTAL    0.59   06/17 TO 06/18           07/28 TO 07/29

DEGREE_DAYS
HEATING TOTAL      13                20      -7        2
 SINCE 7/1          0                 4      -4        2
COOLING TOTAL    1040              1027      13     1086
 SINCE 1/1       1078              1116     -38     1275
.................................................................

WIND (MPH)
AVERAGE WIND SPEED              11.2
RESULTANT WIND SPEED/DIRECTION   6/150
HIGHEST WIND SPEED/DIRECTION    45/020    DATE  08/13
HIGHEST GUST SPEED/DIRECTION    63/220    DATE  06/03

SKY COVER
POSSIBLE SUNSHINE (PERCENT)   MM
AVERAGE SKY COVER           0.10
NUMBER OF DAYS FAIR           75
NUMBER OF DAYS PC             17
NUMBER OF DAYS CLOUDY          0

AVERAGE RH (PERCENT)     64

WEATHER CONDITIONS. NUMBER OF DAYS WITH
THUNDERSTORM             31     MIXED PRECIP                0
HEAVY RAIN                7     RAIN                       15
LIGHT RAIN               30     FREEZING RAIN               0
LT FREEZING RAIN          0     HAIL                        0
HEAVY SNOW                0     SNOW                        0
LIGHT SNOW                8     SLEET                       0
FOG                      27     FOG W/VIS <= 1/4 MILE       5
HAZE                      7     BLOWING SNOW                0
TORNADO                   0

-  INDICATES NEGATIVE NUMBERS.
R  INDICATES RECORD WAS SET OR TIED.
MM INDICATES DATA IS MISSING.
T  INDICATES TRACE AMOUNT.

$$
