291
CXUS51 KRNK 011341 CCA
CLSLYH

CLIMATE REPORT...CORRECTED
NATIONAL WEATHER SERVICE BLACKSBURG VA
832 AM EST SUN DEC 1 2019

...................................

...THE LYNCHBURG VA CLIMATE SUMMARY FOR THE SEASON, FROM
9/1/2019 TO 11/30/2019...

CLIMATE NORMAL PERIOD 1981 TO 2010
CLIMATE RECORD PERIOD 1893 TO 2019

WEATHER         OBSERVED          NORMAL  DEPART  LAST YEAR`S
                 VALUE   DATE(S)  VALUE   FROM    VALUE
                                          NORMAL
.............................................................
TEMPERATURE (F)
RECORD
 HIGH             102   09/01/1932
 LOW                8   11/25/1970
HIGHEST            97   10/03                         92
                        09/11
LOWEST             17   11/13                         22
AVG. MAXIMUM     71.6              68.4     3.2     67.7
AVG. MINIMUM     47.4              44.9     2.5     49.1
MEAN             59.5              56.7     2.8     58.4
DAYS MAX >= 90     14               2.0    12.0       MM
DAYS MAX <= 32      0               0.0     0.0       MM
DAYS MIN <= 32     17              14.7     2.3       MM
DAYS MIN <= 0       0               0.0     0.0       MM

PRECIPITATION (INCHES)
RECORD
 MAXIMUM        20.09   1996
 MINIMUM         1.85   1931
TOTALS           8.59             10.40   -1.81    18.62
DAILY AVG.       0.10              0.11   -0.01     0.21
DAYS >= .01        20              23.7    -3.7       MM
DAYS >= .10        14              14.9    -0.9       MM
DAYS >= .50         7               7.0     0.0       MM
DAYS >= 1.00        3               3.2    -0.2       MM
GREATEST
 24 HR. TOTAL    1.85                               2.58

SNOWFALL (INCHES)
TOTALS              T                                  T
DAYS >= TRACE       1                                 MM
DAYS >= 1.0         0                                 MM
GREATEST
 24 HR TOTAL      0.0                                0.0

DEGREE_DAYS
HEATING TOTAL     749               891    -142      900
COOLING TOTAL     360               133     227      327
..............................................................

WIND (MPH)
AVERAGE WIND SPEED              4.1
HIGHEST WIND SPEED/DIRECTION    28/040    DATE  11/16
HIGHEST GUST SPEED/DIRECTION    36/200    DATE  10/31

SKY COVER
AVERAGE SKY COVER           0.30

AVERAGE RH (PERCENT)     69

WEATHER CONDITIONS. NUMBER OF DAYS WITH:

THUNDERSTORM              5     MIXED PRECIP                 0
HEAVY RAIN                7     RAIN                        10
LIGHT RAIN               27     FREEZING RAIN                0
LIGHT FREEZING RAIN       0     HAIL                         0
HEAVY SNOW                0     SNOW                         0
LIGHT SNOW                1     SLEET                        0
FOG                      39     FOG W/VIS <= 1/4 MILE        8
HAZE                      1

-  INDICATES NEGATIVE NUMBERS.
R  INDICATES RECORD WAS SET OR TIED.
MM INDICATES DATA IS MISSING.
T  INDICATES TRACE AMOUNT.

REMARKS:
DUE TO MISSING TEMPERATURES ON MAY 10 AND JULY 11-12, ALL
TEMPERATURE AND COOLING DEGREE DAY INFORMATION WILL BE CALCULATED
WITHOUT DATA FROM THESE DATES.

$$

RAB
