000
CXUS51 KRNK 030253 CCA
CLSLYH

CLIMATE REPORT...CORRECTED
NATIONAL WEATHER SERVICE BLACKSBURG VA
913 AM EDT SUN SEP 1 2019

...................................

...THE LYNCHBURG VA CLIMATE SUMMARY FOR THE SEASON, FROM
6/1/2019 TO 8/31/2019...

CLIMATE NORMAL PERIOD 1981 TO 2010
CLIMATE RECORD PERIOD 1893 TO 2019

WEATHER         OBSERVED          NORMAL  DEPART  LAST YEAR`S
                 VALUE   DATE(S)  VALUE   FROM    VALUE
                                          NORMAL
.............................................................
TEMPERATURE (F)
RECORD
 HIGH             106   07/10/1936
 LOW                7   06/17/2015
HIGHEST            98   07/21                         95
                        07/20
LOWEST             45   06/04                         53
AVG. MAXIMUM     87.3              85.0     2.3     86.0
AVG. MINIMUM     63.9              62.4     1.5     64.9
MEAN             75.6              73.7     1.9     75.4
DAYS MAX >= 90     40              19.1    20.9       28
DAYS MAX <= 32      0               0.0     0.0        0
DAYS MIN <= 32      0               0.0     0.0        0
DAYS MIN <= 0       0               0.0     0.0        0

PRECIPITATION (INCHES)
RECORD
 MAXIMUM        22.66   1989
 MINIMUM         3.89   1930
TOTALS          10.27             11.24   -0.97    15.09
DAILY AVG.       0.11              0.12   -0.01     0.16
DAYS >= .01        37              31.1     5.9       28
DAYS >= .10        17              19.1    -2.1       19
DAYS >= .50         8               7.5     0.5       11
DAYS >= 1.00        4               2.9     1.1        8
GREATEST
 24 HR. TOTAL    2.10                               1.65

SNOWFALL (INCHES)
TOTALS            0.0                                0.0
DAYS >= TRACE       0                                  0
DAYS >= 1.0         0                                  0
GREATEST
 24 HR TOTAL      0.0                                0.0

DEGREE_DAYS
HEATING TOTAL       2                17     -15        0
COOLING TOTAL    1003               817     186      982
..............................................................

WIND (MPH)
AVERAGE WIND SPEED              4.0
HIGHEST WIND SPEED/DIRECTION    26/170    DATE  07/21
HIGHEST GUST SPEED/DIRECTION    36/350    DATE  08/01

SKY COVER
AVERAGE SKY COVER           0.30

AVERAGE RH (PERCENT)     72

WEATHER CONDITIONS. NUMBER OF DAYS WITH:
THUNDERSTORM             29     MIXED PRECIP                 0
HEAVY RAIN                7     RAIN                        15
LIGHT RAIN               46     FREEZING RAIN                0
LIGHT FREEZING RAIN       0     HAIL                         0
HEAVY SNOW                0     SNOW                         0
LIGHT SNOW                0     SLEET                        0
FOG                      48     FOG W/VIS <= 1/4 MILE        5
HAZE                      2


-  INDICATES NEGATIVE NUMBERS.
R  INDICATES RECORD WAS SET OR TIED.
MM INDICATES DATA IS MISSING.
T  INDICATES TRACE AMOUNT.

$$

RAB
